{"id":2140,"date":"2023-06-23T18:05:12","date_gmt":"2023-06-23T16:05:12","guid":{"rendered":"https:\/\/bilshopping.dk\/produkt\/8mm-blaesepistol-med-boejet-roer-metalboesning-fra-danske-jwl\/"},"modified":"2023-06-23T18:05:45","modified_gmt":"2023-06-23T16:05:45","slug":"8mm-blaesepistol-med-boejet-roer-metalboesning-fra-danske-jwl","status":"publish","type":"product","link":"https:\/\/bilshopping.dk\/?product=8mm-blaesepistol-med-boejet-roer-metalboesning-fra-danske-jwl","title":{"rendered":"8mm Bl\u00e6sepistol med b\u00f8jet r\u00f8r &#038; metalb\u00f8sning fra Danske JWL"},"content":{"rendered":"<p>Leveringstid er p\u00e5 ca. <strong>2-10 hverdage<\/strong> og fragtprisen er p\u00e5 ca. <strong>49<\/strong><\/p>\n<p>Produktid er <strong>864081<\/strong> og EAN er <strong>5706040019334<\/strong><\/p>\n<h2>Anmeldelse af 8mm Bl\u00e6sepistol med b\u00f8jet r\u00f8r &#038; metalb\u00f8sning fra Danske JWL<\/h2>\n<p>Se om vi har en <a href=\"https:\/\/bilshopping.dk\/592\">anmeldelse af 8mm Bl\u00e6sepistol med b\u00f8jet r\u00f8r &#038; metalb\u00f8sning fra Danske JWL<\/a>.<\/p>\n","protected":false},"excerpt":{"rendered":"<p>8mm Bl\u00e6sepistol med b\u00f8jet r\u00f8r &#038; metalb\u00f8sning fra Danske JWL.<\/p>\n","protected":false},"featured_media":2141,"comment_status":"closed","ping_status":"open","template":"","meta":{"_kad_post_transparent":"","_kad_post_title":"","_kad_post_layout":"","_kad_post_sidebar_id":"","_kad_post_content_style":"","_kad_post_vertical_padding":"","_kad_post_feature":"","_kad_post_feature_position":"","_kad_post_header":false,"_kad_post_footer":false},"product_cat":[2999],"product_tag":[3000,2988],"brand":[2992],"class_list":{"0":"post-2140","1":"product","2":"type-product","3":"status-publish","4":"has-post-thumbnail","6":"product_cat-blaesepistoler","7":"product_tag-blaesepistoler","8":"product_tag-los","9":"brand-jwl","11":"first","12":"instock","13":"product-type-external","14":"entry","15":"content-bg","16":"loop-entry"},"_links":{"self":[{"href":"https:\/\/bilshopping.dk\/index.php?rest_route=\/wp\/v2\/product\/2140","targetHints":{"allow":["GET"]}}],"collection":[{"href":"https:\/\/bilshopping.dk\/index.php?rest_route=\/wp\/v2\/product"}],"about":[{"href":"https:\/\/bilshopping.dk\/index.php?rest_route=\/wp\/v2\/types\/product"}],"replies":[{"embeddable":true,"href":"https:\/\/bilshopping.dk\/index.php?rest_route=%2Fwp%2Fv2%2Fcomments&post=2140"}],"wp:featuredmedia":[{"embeddable":true,"href":"https:\/\/bilshopping.dk\/index.php?rest_route=\/wp\/v2\/media\/2141"}],"wp:attachment":[{"href":"https:\/\/bilshopping.dk\/index.php?rest_route=%2Fwp%2Fv2%2Fmedia&parent=2140"}],"wp:term":[{"taxonomy":"product_cat","embeddable":true,"href":"https:\/\/bilshopping.dk\/index.php?rest_route=%2Fwp%2Fv2%2Fproduct_cat&post=2140"},{"taxonomy":"product_tag","embeddable":true,"href":"https:\/\/bilshopping.dk\/index.php?rest_route=%2Fwp%2Fv2%2Fproduct_tag&post=2140"},{"taxonomy":"brand","embeddable":true,"href":"https:\/\/bilshopping.dk\/index.php?rest_route=%2Fwp%2Fv2%2Fbrand&post=2140"}],"curies":[{"name":"wp","href":"https:\/\/api.w.org\/{rel}","templated":true}]}}