{"id":2742,"date":"2023-06-23T18:14:41","date_gmt":"2023-06-23T16:14:41","guid":{"rendered":"https:\/\/bilshopping.dk\/produkt\/microfiberklud-lyseblaa-farve-34x32-cm-til-aftoerring-rengoering\/"},"modified":"2023-06-23T18:15:02","modified_gmt":"2023-06-23T16:15:02","slug":"microfiberklud-lyseblaa-farve-34x32-cm-til-aftoerring-rengoering","status":"publish","type":"product","link":"https:\/\/bilshopping.dk\/?product=microfiberklud-lyseblaa-farve-34x32-cm-til-aftoerring-rengoering","title":{"rendered":"Microfiberklud, lysebl\u00e5 farve, 34&#215;32 cm, til aft\u00f8rring + reng\u00f8ring"},"content":{"rendered":"<p>Leveringstid er p\u00e5 ca. <strong>2-10 hverdage<\/strong> og fragtprisen er p\u00e5 ca. <strong>49<\/strong><\/p>\n<p>Produktid er <strong>2203642<\/strong> og EAN er <strong>4036021981505<\/strong><\/p>\n<h2>Anmeldelse af Microfiberklud, lysebl\u00e5 farve, 34&#215;32 cm, til aft\u00f8rring + reng\u00f8ring<\/h2>\n<p>Se om vi har en <a href=\"https:\/\/bilshopping.dk\/592\">anmeldelse af Microfiberklud, lysebl\u00e5 farve, 34&#215;32 cm, til aft\u00f8rring + reng\u00f8ring<\/a>.<\/p>\n","protected":false},"excerpt":{"rendered":"<p>Microfiberklud, lysebl\u00e5 farve, 34&#215;32 cm, til aft\u00f8rring + reng\u00f8ring.<\/p>\n","protected":false},"featured_media":2743,"comment_status":"closed","ping_status":"open","template":"","meta":{"_kad_post_transparent":"","_kad_post_title":"","_kad_post_layout":"","_kad_post_sidebar_id":"","_kad_post_content_style":"","_kad_post_vertical_padding":"","_kad_post_feature":"","_kad_post_feature_position":"","_kad_post_header":false,"_kad_post_footer":false},"product_cat":[3010],"product_tag":[2988,3011],"brand":[3012],"class_list":{"0":"post-2742","1":"product","2":"type-product","3":"status-publish","4":"has-post-thumbnail","6":"product_cat-mannol-produkter","7":"product_tag-los","8":"product_tag-mannol-produkter","9":"brand-mannol","11":"first","12":"instock","13":"product-type-external","14":"entry","15":"content-bg","16":"loop-entry"},"_links":{"self":[{"href":"https:\/\/bilshopping.dk\/index.php?rest_route=\/wp\/v2\/product\/2742","targetHints":{"allow":["GET"]}}],"collection":[{"href":"https:\/\/bilshopping.dk\/index.php?rest_route=\/wp\/v2\/product"}],"about":[{"href":"https:\/\/bilshopping.dk\/index.php?rest_route=\/wp\/v2\/types\/product"}],"replies":[{"embeddable":true,"href":"https:\/\/bilshopping.dk\/index.php?rest_route=%2Fwp%2Fv2%2Fcomments&post=2742"}],"wp:featuredmedia":[{"embeddable":true,"href":"https:\/\/bilshopping.dk\/index.php?rest_route=\/wp\/v2\/media\/2743"}],"wp:attachment":[{"href":"https:\/\/bilshopping.dk\/index.php?rest_route=%2Fwp%2Fv2%2Fmedia&parent=2742"}],"wp:term":[{"taxonomy":"product_cat","embeddable":true,"href":"https:\/\/bilshopping.dk\/index.php?rest_route=%2Fwp%2Fv2%2Fproduct_cat&post=2742"},{"taxonomy":"product_tag","embeddable":true,"href":"https:\/\/bilshopping.dk\/index.php?rest_route=%2Fwp%2Fv2%2Fproduct_tag&post=2742"},{"taxonomy":"brand","embeddable":true,"href":"https:\/\/bilshopping.dk\/index.php?rest_route=%2Fwp%2Fv2%2Fbrand&post=2742"}],"curies":[{"name":"wp","href":"https:\/\/api.w.org\/{rel}","templated":true}]}}