{"id":3298,"date":"2023-06-23T18:22:22","date_gmt":"2023-06-23T16:22:22","guid":{"rendered":"https:\/\/bilshopping.dk\/produkt\/ventilrens-fjerner-haarde-aflejringer-paa-ventiler-150ml\/"},"modified":"2023-06-23T18:22:43","modified_gmt":"2023-06-23T16:22:43","slug":"ventilrens-fjerner-haarde-aflejringer-paa-ventiler-150ml","status":"publish","type":"product","link":"https:\/\/bilshopping.dk\/?product=ventilrens-fjerner-haarde-aflejringer-paa-ventiler-150ml","title":{"rendered":"Ventilrens, Fjerner h\u00e5rde aflejringer p\u00e5 ventiler, 150ml"},"content":{"rendered":"<p>Leveringstid er p\u00e5 ca. <strong>2-10 hverdage<\/strong> og fragtprisen er p\u00e5 ca. <strong>49<\/strong><\/p>\n<p>Produktid er <strong>863901<\/strong> og EAN er <strong>4100420028090<\/strong><\/p>\n<h2>Anmeldelse af Ventilrens, Fjerner h\u00e5rde aflejringer p\u00e5 ventiler, 150ml<\/h2>\n<p>Se om vi har en <a href=\"https:\/\/bilshopping.dk\/592\">anmeldelse af Ventilrens, Fjerner h\u00e5rde aflejringer p\u00e5 ventiler, 150ml<\/a>.<\/p>\n","protected":false},"excerpt":{"rendered":"<p>Ventilrens, Fjerner h\u00e5rde aflejringer p\u00e5 ventiler, 150ml.<\/p>\n","protected":false},"featured_media":3299,"comment_status":"closed","ping_status":"open","template":"","meta":{"_kad_post_transparent":"","_kad_post_title":"","_kad_post_layout":"","_kad_post_sidebar_id":"","_kad_post_content_style":"","_kad_post_vertical_padding":"","_kad_post_feature":"","_kad_post_feature_position":"","_kad_post_header":false,"_kad_post_footer":false},"product_cat":[3022],"product_tag":[3023,2988],"brand":[2989],"class_list":{"0":"post-3298","1":"product","2":"type-product","3":"status-publish","4":"has-post-thumbnail","6":"product_cat-benzin-additiver-fra-liqui-moly","7":"product_tag-benzin-additiver-fra-liqui-moly","8":"product_tag-los","9":"brand-liqui-moly","11":"first","12":"instock","13":"product-type-external","14":"entry","15":"content-bg","16":"loop-entry"},"_links":{"self":[{"href":"https:\/\/bilshopping.dk\/index.php?rest_route=\/wp\/v2\/product\/3298","targetHints":{"allow":["GET"]}}],"collection":[{"href":"https:\/\/bilshopping.dk\/index.php?rest_route=\/wp\/v2\/product"}],"about":[{"href":"https:\/\/bilshopping.dk\/index.php?rest_route=\/wp\/v2\/types\/product"}],"replies":[{"embeddable":true,"href":"https:\/\/bilshopping.dk\/index.php?rest_route=%2Fwp%2Fv2%2Fcomments&post=3298"}],"wp:featuredmedia":[{"embeddable":true,"href":"https:\/\/bilshopping.dk\/index.php?rest_route=\/wp\/v2\/media\/3299"}],"wp:attachment":[{"href":"https:\/\/bilshopping.dk\/index.php?rest_route=%2Fwp%2Fv2%2Fmedia&parent=3298"}],"wp:term":[{"taxonomy":"product_cat","embeddable":true,"href":"https:\/\/bilshopping.dk\/index.php?rest_route=%2Fwp%2Fv2%2Fproduct_cat&post=3298"},{"taxonomy":"product_tag","embeddable":true,"href":"https:\/\/bilshopping.dk\/index.php?rest_route=%2Fwp%2Fv2%2Fproduct_tag&post=3298"},{"taxonomy":"brand","embeddable":true,"href":"https:\/\/bilshopping.dk\/index.php?rest_route=%2Fwp%2Fv2%2Fbrand&post=3298"}],"curies":[{"name":"wp","href":"https:\/\/api.w.org\/{rel}","templated":true}]}}