{"id":3375,"date":"2023-06-23T18:35:53","date_gmt":"2023-06-23T16:35:53","guid":{"rendered":"https:\/\/bilshopping.dk\/produkt\/bardahl-b2-olietilsaetning-300-ml\/"},"modified":"2023-06-23T18:36:02","modified_gmt":"2023-06-23T16:36:02","slug":"bardahl-b2-olietilsaetning-300-ml","status":"publish","type":"product","link":"https:\/\/bilshopping.dk\/?product=bardahl-b2-olietilsaetning-300-ml","title":{"rendered":"Bardahl B2 olietils\u00e6tning 300 ml"},"content":{"rendered":"<p>Produktid er <strong>43<\/strong> og <strong><\/strong><\/p>\n<h2>Anmeldelse af Bardahl B2 olietils\u00e6tning 300 ml<\/h2>\n<p>Se om vi har en <a href=\"https:\/\/bilshopping.dk\/592\">anmeldelse af Bardahl B2 olietils\u00e6tning 300 ml<\/a>.<\/p>\n","protected":false},"excerpt":{"rendered":"<p>Bardahl B2 motorolie additiv, neds\u00e6tter olieforbr\u00e6ndingen og gengiver tabt ydeevne til \u00e6ldre motorer.\u00c2\u00a0, Bardahl B2 olietils\u00e6tning 300 ml.<\/p>\n","protected":false},"featured_media":3376,"comment_status":"closed","ping_status":"open","template":"","meta":{"_kad_post_transparent":"","_kad_post_title":"","_kad_post_layout":"","_kad_post_sidebar_id":"","_kad_post_content_style":"","_kad_post_vertical_padding":"","_kad_post_feature":"","_kad_post_feature_position":"","_kad_post_header":false,"_kad_post_footer":false},"product_cat":[3135,3127],"product_tag":[3136,2988,3129],"brand":[],"class_list":{"0":"post-3375","1":"product","2":"type-product","3":"status-publish","4":"has-post-thumbnail","6":"product_cat-additiver","7":"product_cat-olie-kemi","8":"product_tag-additiver","9":"product_tag-los","10":"product_tag-olie-kemi","12":"first","13":"instock","14":"sale","15":"product-type-external","16":"entry","17":"content-bg","18":"loop-entry"},"_links":{"self":[{"href":"https:\/\/bilshopping.dk\/index.php?rest_route=\/wp\/v2\/product\/3375","targetHints":{"allow":["GET"]}}],"collection":[{"href":"https:\/\/bilshopping.dk\/index.php?rest_route=\/wp\/v2\/product"}],"about":[{"href":"https:\/\/bilshopping.dk\/index.php?rest_route=\/wp\/v2\/types\/product"}],"replies":[{"embeddable":true,"href":"https:\/\/bilshopping.dk\/index.php?rest_route=%2Fwp%2Fv2%2Fcomments&post=3375"}],"wp:featuredmedia":[{"embeddable":true,"href":"https:\/\/bilshopping.dk\/index.php?rest_route=\/wp\/v2\/media\/3376"}],"wp:attachment":[{"href":"https:\/\/bilshopping.dk\/index.php?rest_route=%2Fwp%2Fv2%2Fmedia&parent=3375"}],"wp:term":[{"taxonomy":"product_cat","embeddable":true,"href":"https:\/\/bilshopping.dk\/index.php?rest_route=%2Fwp%2Fv2%2Fproduct_cat&post=3375"},{"taxonomy":"product_tag","embeddable":true,"href":"https:\/\/bilshopping.dk\/index.php?rest_route=%2Fwp%2Fv2%2Fproduct_tag&post=3375"},{"taxonomy":"brand","embeddable":true,"href":"https:\/\/bilshopping.dk\/index.php?rest_route=%2Fwp%2Fv2%2Fbrand&post=3375"}],"curies":[{"name":"wp","href":"https:\/\/api.w.org\/{rel}","templated":true}]}}