{"id":3443,"date":"2023-06-23T18:36:23","date_gmt":"2023-06-23T16:36:23","guid":{"rendered":"https:\/\/bilshopping.dk\/produkt\/bardahl-easy-gasket-flydende-pakning-100-ml\/"},"modified":"2023-06-23T18:36:28","modified_gmt":"2023-06-23T16:36:28","slug":"bardahl-easy-gasket-flydende-pakning-100-ml","status":"publish","type":"product","link":"https:\/\/bilshopping.dk\/?product=bardahl-easy-gasket-flydende-pakning-100-ml","title":{"rendered":"Bardahl Easy Gasket (flydende pakning) 100 ml."},"content":{"rendered":"<p>Produktid er <strong>85-1488<\/strong> og <strong><\/strong><\/p>\n<h2>Anmeldelse af Bardahl Easy Gasket (flydende pakning) 100 ml.<\/h2>\n<p>Se om vi har en <a href=\"https:\/\/bilshopping.dk\/592\">anmeldelse af Bardahl Easy Gasket (flydende pakning) 100 ml.<\/a>.<\/p>\n","protected":false},"excerpt":{"rendered":"<p>Bardahl Easy Gasket (flydende pakning)\u00c2\u00a0er en enkel, h\u00f8jkvalitets, gr\u00e5\/sort, universal silikonepakningsmasse.\u00c2\u00a0Til gearkasser, vandpumper, ventild\u00e6ksler, styrehuse og krumtaphuse p\u00e5 biler, lastbiler, campingvogne, motorcykler og b\u00e5de. Beskytter imod ut\u00e6th, Bardahl Easy Gasket (flydende pakning) 100 ml..<\/p>\n","protected":false},"featured_media":3444,"comment_status":"closed","ping_status":"open","template":"","meta":{"_kad_post_transparent":"","_kad_post_title":"","_kad_post_layout":"","_kad_post_sidebar_id":"","_kad_post_content_style":"","_kad_post_vertical_padding":"","_kad_post_feature":"","_kad_post_feature_position":"","_kad_post_header":false,"_kad_post_footer":false},"product_cat":[3127,3143],"product_tag":[2988,3129,3144],"brand":[],"class_list":{"0":"post-3443","1":"product","2":"type-product","3":"status-publish","4":"has-post-thumbnail","6":"product_cat-olie-kemi","7":"product_cat-pakning-lim-diverse","8":"product_tag-los","9":"product_tag-olie-kemi","10":"product_tag-pakning-lim-diverse","12":"first","13":"instock","14":"sale","15":"product-type-external","16":"entry","17":"content-bg","18":"loop-entry"},"_links":{"self":[{"href":"https:\/\/bilshopping.dk\/index.php?rest_route=\/wp\/v2\/product\/3443","targetHints":{"allow":["GET"]}}],"collection":[{"href":"https:\/\/bilshopping.dk\/index.php?rest_route=\/wp\/v2\/product"}],"about":[{"href":"https:\/\/bilshopping.dk\/index.php?rest_route=\/wp\/v2\/types\/product"}],"replies":[{"embeddable":true,"href":"https:\/\/bilshopping.dk\/index.php?rest_route=%2Fwp%2Fv2%2Fcomments&post=3443"}],"wp:featuredmedia":[{"embeddable":true,"href":"https:\/\/bilshopping.dk\/index.php?rest_route=\/wp\/v2\/media\/3444"}],"wp:attachment":[{"href":"https:\/\/bilshopping.dk\/index.php?rest_route=%2Fwp%2Fv2%2Fmedia&parent=3443"}],"wp:term":[{"taxonomy":"product_cat","embeddable":true,"href":"https:\/\/bilshopping.dk\/index.php?rest_route=%2Fwp%2Fv2%2Fproduct_cat&post=3443"},{"taxonomy":"product_tag","embeddable":true,"href":"https:\/\/bilshopping.dk\/index.php?rest_route=%2Fwp%2Fv2%2Fproduct_tag&post=3443"},{"taxonomy":"brand","embeddable":true,"href":"https:\/\/bilshopping.dk\/index.php?rest_route=%2Fwp%2Fv2%2Fbrand&post=3443"}],"curies":[{"name":"wp","href":"https:\/\/api.w.org\/{rel}","templated":true}]}}