{"id":3451,"date":"2023-06-23T18:36:23","date_gmt":"2023-06-23T16:36:23","guid":{"rendered":"https:\/\/bilshopping.dk\/produkt\/bardahl-blaa-silikone-90-gr-tube\/"},"modified":"2023-06-23T18:36:29","modified_gmt":"2023-06-23T16:36:29","slug":"bardahl-blaa-silikone-90-gr-tube","status":"publish","type":"product","link":"https:\/\/bilshopping.dk\/?product=bardahl-blaa-silikone-90-gr-tube","title":{"rendered":"Bardahl Bl\u00e5 Silikone 90 gr. tube"},"content":{"rendered":"<p>Produktid er <strong>89<\/strong> og <strong><\/strong><\/p>\n<h2>Anmeldelse af Bardahl Bl\u00e5 Silikone 90 gr. tube<\/h2>\n<p>Se om vi har en <a href=\"https:\/\/bilshopping.dk\/592\">anmeldelse af Bardahl Bl\u00e5 Silikone 90 gr. tube<\/a>.<\/p>\n","protected":false},"excerpt":{"rendered":"<p>Bardahl Bl\u00e5 Silikone 90 gr. tube er en bl\u00e5 flydende silikone pakning i en h\u00f8j kvalitet, som er fleksibel og elastisk.\u00c2\u00a0Den er designet til at erstatte forudsk\u00e5rne pakninger, Bardahl Bl\u00e5 Silikone 90 gr. tube.<\/p>\n","protected":false},"featured_media":3452,"comment_status":"closed","ping_status":"open","template":"","meta":{"_kad_post_transparent":"","_kad_post_title":"","_kad_post_layout":"","_kad_post_sidebar_id":"","_kad_post_content_style":"","_kad_post_vertical_padding":"","_kad_post_feature":"","_kad_post_feature_position":"","_kad_post_header":false,"_kad_post_footer":false},"product_cat":[3127,3143],"product_tag":[2988,3129,3144],"brand":[],"class_list":{"0":"post-3451","1":"product","2":"type-product","3":"status-publish","4":"has-post-thumbnail","6":"product_cat-olie-kemi","7":"product_cat-pakning-lim-diverse","8":"product_tag-los","9":"product_tag-olie-kemi","10":"product_tag-pakning-lim-diverse","12":"first","13":"instock","14":"sale","15":"product-type-external","16":"entry","17":"content-bg","18":"loop-entry"},"_links":{"self":[{"href":"https:\/\/bilshopping.dk\/index.php?rest_route=\/wp\/v2\/product\/3451","targetHints":{"allow":["GET"]}}],"collection":[{"href":"https:\/\/bilshopping.dk\/index.php?rest_route=\/wp\/v2\/product"}],"about":[{"href":"https:\/\/bilshopping.dk\/index.php?rest_route=\/wp\/v2\/types\/product"}],"replies":[{"embeddable":true,"href":"https:\/\/bilshopping.dk\/index.php?rest_route=%2Fwp%2Fv2%2Fcomments&post=3451"}],"wp:featuredmedia":[{"embeddable":true,"href":"https:\/\/bilshopping.dk\/index.php?rest_route=\/wp\/v2\/media\/3452"}],"wp:attachment":[{"href":"https:\/\/bilshopping.dk\/index.php?rest_route=%2Fwp%2Fv2%2Fmedia&parent=3451"}],"wp:term":[{"taxonomy":"product_cat","embeddable":true,"href":"https:\/\/bilshopping.dk\/index.php?rest_route=%2Fwp%2Fv2%2Fproduct_cat&post=3451"},{"taxonomy":"product_tag","embeddable":true,"href":"https:\/\/bilshopping.dk\/index.php?rest_route=%2Fwp%2Fv2%2Fproduct_tag&post=3451"},{"taxonomy":"brand","embeddable":true,"href":"https:\/\/bilshopping.dk\/index.php?rest_route=%2Fwp%2Fv2%2Fbrand&post=3451"}],"curies":[{"name":"wp","href":"https:\/\/api.w.org\/{rel}","templated":true}]}}