{"id":3464,"date":"2023-06-23T18:36:37","date_gmt":"2023-06-23T16:36:37","guid":{"rendered":"https:\/\/bilshopping.dk\/produkt\/autoglym-motorrens-engine-machine-cleaner-1-ltr\/"},"modified":"2023-06-23T18:36:38","modified_gmt":"2023-06-23T16:36:38","slug":"autoglym-motorrens-engine-machine-cleaner-1-ltr","status":"publish","type":"product","link":"https:\/\/bilshopping.dk\/?product=autoglym-motorrens-engine-machine-cleaner-1-ltr","title":{"rendered":"Autoglym Motorrens &#8211; Engine &#038; Machine Cleaner &#8211; 1 ltr."},"content":{"rendered":"<p>Produktid er <strong>94<\/strong> og <strong>5016366090017<\/strong><\/p>\n<h2>Anmeldelse af Autoglym Motorrens &#8211; Engine &#038; Machine Cleaner &#8211; 1 ltr.<\/h2>\n<p>Se om vi har en <a href=\"https:\/\/bilshopping.dk\/592\">anmeldelse af Autoglym Motorrens &#8211; Engine &#038; Machine Cleaner &#8211; 1 ltr.<\/a>.<\/p>\n","protected":false},"excerpt":{"rendered":"<p>Autoglym MOTORRENS &#8211; Engine &#038; Machine Cleaner\u00c2\u00a0er et kraftigt, ikke-\u00e6tsende reng\u00f8ringsprodukt til motorer, motordele, f\u00e6lge og maskineri.<br \/>\nOpl\u00f8ser olie, fedt, snavs, trafikfilm og overskydende rustbeskyttelse.<br \/>\nProduktet virker som en kombination af rensemi, Autoglym Motorrens &#8211; Engine &#038; Machine Cleaner &#8211; 1 ltr..<\/p>\n","protected":false},"featured_media":3465,"comment_status":"closed","ping_status":"open","template":"","meta":{"_kad_post_transparent":"","_kad_post_title":"","_kad_post_layout":"","_kad_post_sidebar_id":"","_kad_post_content_style":"","_kad_post_vertical_padding":"","_kad_post_feature":"","_kad_post_feature_position":"","_kad_post_header":false,"_kad_post_footer":false},"product_cat":[3145,3149],"product_tag":[3147,2988,3148],"brand":[],"class_list":{"0":"post-3464","1":"product","2":"type-product","3":"status-publish","4":"has-post-thumbnail","6":"product_cat-bilpleje","7":"product_cat-vaskeprodukter-bilpleje","8":"product_tag-bilpleje","9":"product_tag-los","10":"product_tag-vaskeprodukter","12":"first","13":"instock","14":"sale","15":"product-type-external","16":"entry","17":"content-bg","18":"loop-entry"},"_links":{"self":[{"href":"https:\/\/bilshopping.dk\/index.php?rest_route=\/wp\/v2\/product\/3464","targetHints":{"allow":["GET"]}}],"collection":[{"href":"https:\/\/bilshopping.dk\/index.php?rest_route=\/wp\/v2\/product"}],"about":[{"href":"https:\/\/bilshopping.dk\/index.php?rest_route=\/wp\/v2\/types\/product"}],"replies":[{"embeddable":true,"href":"https:\/\/bilshopping.dk\/index.php?rest_route=%2Fwp%2Fv2%2Fcomments&post=3464"}],"wp:featuredmedia":[{"embeddable":true,"href":"https:\/\/bilshopping.dk\/index.php?rest_route=\/wp\/v2\/media\/3465"}],"wp:attachment":[{"href":"https:\/\/bilshopping.dk\/index.php?rest_route=%2Fwp%2Fv2%2Fmedia&parent=3464"}],"wp:term":[{"taxonomy":"product_cat","embeddable":true,"href":"https:\/\/bilshopping.dk\/index.php?rest_route=%2Fwp%2Fv2%2Fproduct_cat&post=3464"},{"taxonomy":"product_tag","embeddable":true,"href":"https:\/\/bilshopping.dk\/index.php?rest_route=%2Fwp%2Fv2%2Fproduct_tag&post=3464"},{"taxonomy":"brand","embeddable":true,"href":"https:\/\/bilshopping.dk\/index.php?rest_route=%2Fwp%2Fv2%2Fbrand&post=3464"}],"curies":[{"name":"wp","href":"https:\/\/api.w.org\/{rel}","templated":true}]}}