{"id":3539,"date":"2023-06-23T18:37:11","date_gmt":"2023-06-23T16:37:11","guid":{"rendered":"https:\/\/bilshopping.dk\/produkt\/autoglym-interioer-microfiberklud\/"},"modified":"2023-06-23T18:37:45","modified_gmt":"2023-06-23T16:37:45","slug":"autoglym-interioer-microfiberklud","status":"publish","type":"product","link":"https:\/\/bilshopping.dk\/?product=autoglym-interioer-microfiberklud","title":{"rendered":"Autoglym Interi\u00f8r Microfiberklud"},"content":{"rendered":"<p>Produktid er <strong>140<\/strong> og <strong>5016366310016<\/strong><\/p>\n<h2>Anmeldelse af Autoglym Interi\u00f8r Microfiberklud<\/h2>\n<p>Se om vi har en <a href=\"https:\/\/bilshopping.dk\/592\">anmeldelse af Autoglym Interi\u00f8r Microfiberklud<\/a>.<\/p>\n","protected":false},"excerpt":{"rendered":"<p>Autoglym Interi\u00f8r Microfiberklud -\u00c2\u00a0Hi-Tech Interior Microfibre.\u00c2\u00a0Hurtig aft\u00f8rring af st\u00f8v p\u00e5 instrumentborde, paneler og instrumentering. Kluden virker som en magnet p\u00e5 st\u00f8vpartikler og fastholder dem i de specielle fibre<br \/>\n\u00c2\u00a0, Autoglym Interi\u00f8r Microfiberklud.<\/p>\n","protected":false},"featured_media":3540,"comment_status":"closed","ping_status":"open","template":"","meta":{"_kad_post_transparent":"","_kad_post_title":"","_kad_post_layout":"","_kad_post_sidebar_id":"","_kad_post_content_style":"","_kad_post_vertical_padding":"","_kad_post_feature":"","_kad_post_feature_position":"","_kad_post_header":false,"_kad_post_footer":false},"product_cat":[3145,3160],"product_tag":[3147,2988,3161],"brand":[],"class_list":{"0":"post-3539","1":"product","2":"type-product","3":"status-publish","4":"has-post-thumbnail","6":"product_cat-bilpleje","7":"product_cat-tilbehoer","8":"product_tag-bilpleje","9":"product_tag-los","10":"product_tag-tilbehoer","12":"first","13":"instock","14":"sale","15":"product-type-external","16":"entry","17":"content-bg","18":"loop-entry"},"_links":{"self":[{"href":"https:\/\/bilshopping.dk\/index.php?rest_route=\/wp\/v2\/product\/3539","targetHints":{"allow":["GET"]}}],"collection":[{"href":"https:\/\/bilshopping.dk\/index.php?rest_route=\/wp\/v2\/product"}],"about":[{"href":"https:\/\/bilshopping.dk\/index.php?rest_route=\/wp\/v2\/types\/product"}],"replies":[{"embeddable":true,"href":"https:\/\/bilshopping.dk\/index.php?rest_route=%2Fwp%2Fv2%2Fcomments&post=3539"}],"wp:featuredmedia":[{"embeddable":true,"href":"https:\/\/bilshopping.dk\/index.php?rest_route=\/wp\/v2\/media\/3540"}],"wp:attachment":[{"href":"https:\/\/bilshopping.dk\/index.php?rest_route=%2Fwp%2Fv2%2Fmedia&parent=3539"}],"wp:term":[{"taxonomy":"product_cat","embeddable":true,"href":"https:\/\/bilshopping.dk\/index.php?rest_route=%2Fwp%2Fv2%2Fproduct_cat&post=3539"},{"taxonomy":"product_tag","embeddable":true,"href":"https:\/\/bilshopping.dk\/index.php?rest_route=%2Fwp%2Fv2%2Fproduct_tag&post=3539"},{"taxonomy":"brand","embeddable":true,"href":"https:\/\/bilshopping.dk\/index.php?rest_route=%2Fwp%2Fv2%2Fbrand&post=3539"}],"curies":[{"name":"wp","href":"https:\/\/api.w.org\/{rel}","templated":true}]}}