{"id":3826,"date":"2023-06-23T18:40:48","date_gmt":"2023-06-23T16:40:48","guid":{"rendered":"https:\/\/bilshopping.dk\/produkt\/blue-line-gevindundervogn-til-audi-a3-8p-aargang-2004-2012\/"},"modified":"2023-06-23T18:40:53","modified_gmt":"2023-06-23T16:40:53","slug":"blue-line-gevindundervogn-til-audi-a3-8p-aargang-2004-2012","status":"publish","type":"product","link":"https:\/\/bilshopping.dk\/?product=blue-line-gevindundervogn-til-audi-a3-8p-aargang-2004-2012","title":{"rendered":"Blue Line &#8211; Gevindundervogn til Audi A3 8P &#8211; \u00c5rgang 2004-2012"},"content":{"rendered":"<p>Produktid er <strong>565<\/strong> og <strong>4048961075343<\/strong><\/p>\n<h2>Anmeldelse af Blue Line &#8211; Gevindundervogn til Audi A3 8P &#8211; \u00c5rgang 2004-2012<\/h2>\n<p>Se om vi har en <a href=\"https:\/\/bilshopping.dk\/592\">anmeldelse af Blue Line &#8211; Gevindundervogn til Audi A3 8P &#8211; \u00c5rgang 2004-2012<\/a>.<\/p>\n","protected":false},"excerpt":{"rendered":"<p>S\u00e6nkning for: 20-60 mm<br \/>\nS\u00e6nkning bag: 30-75 mm<br \/>\nAkselv\u00e6gt for: 1105 kg<br \/>\nAkselv\u00e6gt bag: 990 kg<br \/>\n*Ikke k\u00f8ret\u00f8jer med 4-hjulstr\u00e6k, Blue Line &#8211; Gevindundervogn til Audi A3 8P &#8211; \u00c5rgang 2004-2012.<\/p>\n","protected":false},"featured_media":3827,"comment_status":"closed","ping_status":"open","template":"","meta":{"_kad_post_transparent":"","_kad_post_title":"","_kad_post_layout":"","_kad_post_sidebar_id":"","_kad_post_content_style":"","_kad_post_vertical_padding":"","_kad_post_feature":"","_kad_post_feature_position":"","_kad_post_header":false,"_kad_post_footer":false},"product_cat":[3204,3203],"product_tag":[3206,2988,3205],"brand":[],"class_list":{"0":"post-3826","1":"product","2":"type-product","3":"status-publish","4":"has-post-thumbnail","6":"product_cat-gevindundervogn","7":"product_cat-undervogn","8":"product_tag-gevindundervogn","9":"product_tag-los","10":"product_tag-undervogn","12":"first","13":"instock","14":"product-type-external","15":"entry","16":"content-bg","17":"loop-entry"},"_links":{"self":[{"href":"https:\/\/bilshopping.dk\/index.php?rest_route=\/wp\/v2\/product\/3826","targetHints":{"allow":["GET"]}}],"collection":[{"href":"https:\/\/bilshopping.dk\/index.php?rest_route=\/wp\/v2\/product"}],"about":[{"href":"https:\/\/bilshopping.dk\/index.php?rest_route=\/wp\/v2\/types\/product"}],"replies":[{"embeddable":true,"href":"https:\/\/bilshopping.dk\/index.php?rest_route=%2Fwp%2Fv2%2Fcomments&post=3826"}],"wp:featuredmedia":[{"embeddable":true,"href":"https:\/\/bilshopping.dk\/index.php?rest_route=\/wp\/v2\/media\/3827"}],"wp:attachment":[{"href":"https:\/\/bilshopping.dk\/index.php?rest_route=%2Fwp%2Fv2%2Fmedia&parent=3826"}],"wp:term":[{"taxonomy":"product_cat","embeddable":true,"href":"https:\/\/bilshopping.dk\/index.php?rest_route=%2Fwp%2Fv2%2Fproduct_cat&post=3826"},{"taxonomy":"product_tag","embeddable":true,"href":"https:\/\/bilshopping.dk\/index.php?rest_route=%2Fwp%2Fv2%2Fproduct_tag&post=3826"},{"taxonomy":"brand","embeddable":true,"href":"https:\/\/bilshopping.dk\/index.php?rest_route=%2Fwp%2Fv2%2Fbrand&post=3826"}],"curies":[{"name":"wp","href":"https:\/\/api.w.org\/{rel}","templated":true}]}}