{"id":4162,"date":"2023-06-23T18:45:55","date_gmt":"2023-06-23T16:45:55","guid":{"rendered":"https:\/\/bilshopping.dk\/produkt\/calearo-16v-antenne-uden-forstaerker-76a-haeldning\/"},"modified":"2023-06-23T18:45:55","modified_gmt":"2023-06-23T16:45:55","slug":"calearo-16v-antenne-uden-forstaerker-76a-haeldning","status":"publish","type":"product","link":"https:\/\/bilshopping.dk\/?product=calearo-16v-antenne-uden-forstaerker-76a-haeldning","title":{"rendered":"Calearo 16V Antenne Uden Forst\u00e6rker, 76\u00c2\u00b0 H\u00e6ldning"},"content":{"rendered":"<p>Produktid er <strong>797<\/strong> og <strong><\/strong><\/p>\n<h2>Anmeldelse af Calearo 16V Antenne Uden Forst\u00e6rker, 76\u00c2\u00b0 H\u00e6ldning<\/h2>\n<p>Se om vi har en <a href=\"https:\/\/bilshopping.dk\/592\">anmeldelse af Calearo 16V Antenne Uden Forst\u00e6rker, 76\u00c2\u00b0 H\u00e6ldning<\/a>.<\/p>\n","protected":false},"excerpt":{"rendered":"<p>Calearo 16V tagantenne med en h\u00e6ldning p\u00e5 76\u00c2\u00ba. \u00c2\u00a0Antennen er udstyret med Fakra hanstik hvid. Passer p\u00e5 mange bilmodeller fra 2010 og frem., Calearo 16V Antenne Uden Forst\u00e6rker, 76\u00c2\u00b0 H\u00e6ldning.<\/p>\n","protected":false},"featured_media":4163,"comment_status":"closed","ping_status":"open","template":"","meta":{"_kad_post_transparent":"","_kad_post_title":"","_kad_post_layout":"","_kad_post_sidebar_id":"","_kad_post_content_style":"","_kad_post_vertical_padding":"","_kad_post_feature":"","_kad_post_feature_position":"","_kad_post_header":false,"_kad_post_footer":false},"product_cat":[3227,3162],"product_tag":[3228,3164,2988],"brand":[],"class_list":{"0":"post-4162","1":"product","2":"type-product","3":"status-publish","4":"has-post-thumbnail","6":"product_cat-antenner","7":"product_cat-bilstereo","8":"product_tag-antenner","9":"product_tag-bilstereo","10":"product_tag-los","12":"first","13":"instock","14":"product-type-external","15":"entry","16":"content-bg","17":"loop-entry"},"_links":{"self":[{"href":"https:\/\/bilshopping.dk\/index.php?rest_route=\/wp\/v2\/product\/4162","targetHints":{"allow":["GET"]}}],"collection":[{"href":"https:\/\/bilshopping.dk\/index.php?rest_route=\/wp\/v2\/product"}],"about":[{"href":"https:\/\/bilshopping.dk\/index.php?rest_route=\/wp\/v2\/types\/product"}],"replies":[{"embeddable":true,"href":"https:\/\/bilshopping.dk\/index.php?rest_route=%2Fwp%2Fv2%2Fcomments&post=4162"}],"wp:featuredmedia":[{"embeddable":true,"href":"https:\/\/bilshopping.dk\/index.php?rest_route=\/wp\/v2\/media\/4163"}],"wp:attachment":[{"href":"https:\/\/bilshopping.dk\/index.php?rest_route=%2Fwp%2Fv2%2Fmedia&parent=4162"}],"wp:term":[{"taxonomy":"product_cat","embeddable":true,"href":"https:\/\/bilshopping.dk\/index.php?rest_route=%2Fwp%2Fv2%2Fproduct_cat&post=4162"},{"taxonomy":"product_tag","embeddable":true,"href":"https:\/\/bilshopping.dk\/index.php?rest_route=%2Fwp%2Fv2%2Fproduct_tag&post=4162"},{"taxonomy":"brand","embeddable":true,"href":"https:\/\/bilshopping.dk\/index.php?rest_route=%2Fwp%2Fv2%2Fbrand&post=4162"}],"curies":[{"name":"wp","href":"https:\/\/api.w.org\/{rel}","templated":true}]}}