{"id":4182,"date":"2023-06-23T18:45:55","date_gmt":"2023-06-23T16:45:55","guid":{"rendered":"https:\/\/bilshopping.dk\/produkt\/thule-freeride-cykelholder-til-1-cykel\/"},"modified":"2023-06-23T18:46:00","modified_gmt":"2023-06-23T16:46:00","slug":"thule-freeride-cykelholder-til-1-cykel","status":"publish","type":"product","link":"https:\/\/bilshopping.dk\/?product=thule-freeride-cykelholder-til-1-cykel","title":{"rendered":"Thule Freeride cykelholder til 1 cykel"},"content":{"rendered":"<p>Produktid er <strong>811<\/strong> og <strong>7313020009742<\/strong><\/p>\n<h2>Anmeldelse af Thule Freeride cykelholder til 1 cykel<\/h2>\n<p>Se om vi har en <a href=\"https:\/\/bilshopping.dk\/592\">anmeldelse af Thule Freeride cykelholder til 1 cykel<\/a>.<\/p>\n","protected":false},"excerpt":{"rendered":"<p>Thule Freeride cykelholder til 1 cykel &#8211; til tag. Er en moderne cykelholder til taget i et dynamisk design udf\u00f8rt i buede r\u00f8r med flot titanfarve.<br \/>\nFreeride har hjulholdere, som g\u00f8r p\u00e5l\u00e6sningen nemmere, og med snapl\u00e5sremmene l\u00e5ses hjulene sikkert fast.<br \/>\n\u00c2\u00a0, Thule Freeride cykelholder til 1 cykel.<\/p>\n","protected":false},"featured_media":4183,"comment_status":"closed","ping_status":"open","template":"","meta":{"_kad_post_transparent":"","_kad_post_title":"","_kad_post_layout":"","_kad_post_sidebar_id":"","_kad_post_content_style":"","_kad_post_vertical_padding":"","_kad_post_feature":"","_kad_post_feature_position":"","_kad_post_header":false,"_kad_post_footer":false},"product_cat":[3185,3184],"product_tag":[3187,2988,3186],"brand":[],"class_list":{"0":"post-4182","1":"product","2":"type-product","3":"status-publish","4":"has-post-thumbnail","6":"product_cat-cykelholder","7":"product_cat-transportudstyr","8":"product_tag-cykelholder","9":"product_tag-los","10":"product_tag-transportudstyr","12":"first","13":"instock","14":"product-type-external","15":"entry","16":"content-bg","17":"loop-entry"},"_links":{"self":[{"href":"https:\/\/bilshopping.dk\/index.php?rest_route=\/wp\/v2\/product\/4182","targetHints":{"allow":["GET"]}}],"collection":[{"href":"https:\/\/bilshopping.dk\/index.php?rest_route=\/wp\/v2\/product"}],"about":[{"href":"https:\/\/bilshopping.dk\/index.php?rest_route=\/wp\/v2\/types\/product"}],"replies":[{"embeddable":true,"href":"https:\/\/bilshopping.dk\/index.php?rest_route=%2Fwp%2Fv2%2Fcomments&post=4182"}],"wp:featuredmedia":[{"embeddable":true,"href":"https:\/\/bilshopping.dk\/index.php?rest_route=\/wp\/v2\/media\/4183"}],"wp:attachment":[{"href":"https:\/\/bilshopping.dk\/index.php?rest_route=%2Fwp%2Fv2%2Fmedia&parent=4182"}],"wp:term":[{"taxonomy":"product_cat","embeddable":true,"href":"https:\/\/bilshopping.dk\/index.php?rest_route=%2Fwp%2Fv2%2Fproduct_cat&post=4182"},{"taxonomy":"product_tag","embeddable":true,"href":"https:\/\/bilshopping.dk\/index.php?rest_route=%2Fwp%2Fv2%2Fproduct_tag&post=4182"},{"taxonomy":"brand","embeddable":true,"href":"https:\/\/bilshopping.dk\/index.php?rest_route=%2Fwp%2Fv2%2Fbrand&post=4182"}],"curies":[{"name":"wp","href":"https:\/\/api.w.org\/{rel}","templated":true}]}}