{"id":4341,"date":"2023-06-23T18:47:19","date_gmt":"2023-06-23T16:47:19","guid":{"rendered":"https:\/\/bilshopping.dk\/produkt\/welldon-isofix-kids-selepude-15-36-kg\/"},"modified":"2023-06-23T18:47:35","modified_gmt":"2023-06-23T16:47:35","slug":"welldon-isofix-kids-selepude-15-36-kg","status":"publish","type":"product","link":"https:\/\/bilshopping.dk\/?product=welldon-isofix-kids-selepude-15-36-kg","title":{"rendered":"WELLDON Isofix kids selepude (15-36 kg)"},"content":{"rendered":"<p>Produktid er <strong>958<\/strong> og <strong>5709255092789<\/strong><\/p>\n<h2>Anmeldelse af WELLDON Isofix kids selepude (15-36 kg)<\/h2>\n<p>Se om vi har en <a href=\"https:\/\/bilshopping.dk\/592\">anmeldelse af WELLDON Isofix kids selepude (15-36 kg)<\/a>.<\/p>\n","protected":false},"excerpt":{"rendered":"<p>WELLDON Isofix kids selepude (15-36 kg) s\u00f8rger for at dit barn kan f\u00f8lge med i hvad der foreg\u00e5r samtidigt med at han\/hun sidder sikkert og trykt under k\u00f8rslen.<br \/>\n\u00c2\u00a0, WELLDON Isofix kids selepude (15-36 kg).<\/p>\n","protected":false},"featured_media":4342,"comment_status":"closed","ping_status":"open","template":"","meta":{"_kad_post_transparent":"","_kad_post_title":"","_kad_post_layout":"","_kad_post_sidebar_id":"","_kad_post_content_style":"","_kad_post_vertical_padding":"","_kad_post_feature":"","_kad_post_feature_position":"","_kad_post_header":false,"_kad_post_footer":false},"product_cat":[3211,3223],"product_tag":[3213,2988,3224],"brand":[],"class_list":{"0":"post-4341","1":"product","2":"type-product","3":"status-publish","4":"has-post-thumbnail","6":"product_cat-indvendig-tilbehoer","7":"product_cat-selepuder","8":"product_tag-indvendig-tilbehoer","9":"product_tag-los","10":"product_tag-selepuder","12":"first","13":"instock","14":"product-type-external","15":"entry","16":"content-bg","17":"loop-entry"},"_links":{"self":[{"href":"https:\/\/bilshopping.dk\/index.php?rest_route=\/wp\/v2\/product\/4341","targetHints":{"allow":["GET"]}}],"collection":[{"href":"https:\/\/bilshopping.dk\/index.php?rest_route=\/wp\/v2\/product"}],"about":[{"href":"https:\/\/bilshopping.dk\/index.php?rest_route=\/wp\/v2\/types\/product"}],"replies":[{"embeddable":true,"href":"https:\/\/bilshopping.dk\/index.php?rest_route=%2Fwp%2Fv2%2Fcomments&post=4341"}],"wp:featuredmedia":[{"embeddable":true,"href":"https:\/\/bilshopping.dk\/index.php?rest_route=\/wp\/v2\/media\/4342"}],"wp:attachment":[{"href":"https:\/\/bilshopping.dk\/index.php?rest_route=%2Fwp%2Fv2%2Fmedia&parent=4341"}],"wp:term":[{"taxonomy":"product_cat","embeddable":true,"href":"https:\/\/bilshopping.dk\/index.php?rest_route=%2Fwp%2Fv2%2Fproduct_cat&post=4341"},{"taxonomy":"product_tag","embeddable":true,"href":"https:\/\/bilshopping.dk\/index.php?rest_route=%2Fwp%2Fv2%2Fproduct_tag&post=4341"},{"taxonomy":"brand","embeddable":true,"href":"https:\/\/bilshopping.dk\/index.php?rest_route=%2Fwp%2Fv2%2Fbrand&post=4341"}],"curies":[{"name":"wp","href":"https:\/\/api.w.org\/{rel}","templated":true}]}}