{"id":4601,"date":"2023-06-23T18:49:21","date_gmt":"2023-06-23T16:49:21","guid":{"rendered":"https:\/\/bilshopping.dk\/produkt\/jvc-kw-m25bt-2-din-bilradio-med-skaerm\/"},"modified":"2023-06-23T18:49:33","modified_gmt":"2023-06-23T16:49:33","slug":"jvc-kw-m25bt-2-din-bilradio-med-skaerm","status":"publish","type":"product","link":"https:\/\/bilshopping.dk\/?product=jvc-kw-m25bt-2-din-bilradio-med-skaerm","title":{"rendered":"JVC KW-M25BT 2 DIN bilradio med sk\u00e6rm"},"content":{"rendered":"<p>Produktid er <strong>1156<\/strong> og <strong>4975769461286<\/strong><\/p>\n<h2>Anmeldelse af JVC KW-M25BT 2 DIN bilradio med sk\u00e6rm<\/h2>\n<p>Se om vi har en <a href=\"https:\/\/bilshopping.dk\/592\">anmeldelse af JVC KW-M25BT 2 DIN bilradio med sk\u00e6rm<\/a>.<\/p>\n","protected":false},"excerpt":{"rendered":"<p>2DIN bilradio med 6,8 tommer kapacitiv sk\u00e6rm og indbygget tr\u00e5dl\u00f8s Bluetoothteknologi<br \/>\n\u00c2\u00a0<br \/>\nSk\u00e6rm Spejling til Android (via USB)<br \/>\nAfspilning af Android-musik (via Bluetooth (R))<br \/>\nAfspilning af iPod \/ iPhone musik (via USB eller Bluetooth (R))<br \/>\nBluetooth (R) Tr\u00e5d, JVC KW-M25BT 2 DIN bilradio med sk\u00e6rm.<\/p>\n","protected":false},"featured_media":4602,"comment_status":"closed","ping_status":"open","template":"","meta":{"_kad_post_transparent":"","_kad_post_title":"","_kad_post_layout":"","_kad_post_sidebar_id":"","_kad_post_content_style":"","_kad_post_vertical_padding":"","_kad_post_feature":"","_kad_post_feature_position":"","_kad_post_header":false,"_kad_post_footer":false},"product_cat":[3162,3166],"product_tag":[3164,2988,3168],"brand":[],"class_list":{"0":"post-4601","1":"product","2":"type-product","3":"status-publish","4":"has-post-thumbnail","6":"product_cat-bilstereo","7":"product_cat-multimedie","8":"product_tag-bilstereo","9":"product_tag-los","10":"product_tag-multimedie","12":"first","13":"instock","14":"sale","15":"product-type-external","16":"entry","17":"content-bg","18":"loop-entry"},"_links":{"self":[{"href":"https:\/\/bilshopping.dk\/index.php?rest_route=\/wp\/v2\/product\/4601","targetHints":{"allow":["GET"]}}],"collection":[{"href":"https:\/\/bilshopping.dk\/index.php?rest_route=\/wp\/v2\/product"}],"about":[{"href":"https:\/\/bilshopping.dk\/index.php?rest_route=\/wp\/v2\/types\/product"}],"replies":[{"embeddable":true,"href":"https:\/\/bilshopping.dk\/index.php?rest_route=%2Fwp%2Fv2%2Fcomments&post=4601"}],"wp:featuredmedia":[{"embeddable":true,"href":"https:\/\/bilshopping.dk\/index.php?rest_route=\/wp\/v2\/media\/4602"}],"wp:attachment":[{"href":"https:\/\/bilshopping.dk\/index.php?rest_route=%2Fwp%2Fv2%2Fmedia&parent=4601"}],"wp:term":[{"taxonomy":"product_cat","embeddable":true,"href":"https:\/\/bilshopping.dk\/index.php?rest_route=%2Fwp%2Fv2%2Fproduct_cat&post=4601"},{"taxonomy":"product_tag","embeddable":true,"href":"https:\/\/bilshopping.dk\/index.php?rest_route=%2Fwp%2Fv2%2Fproduct_tag&post=4601"},{"taxonomy":"brand","embeddable":true,"href":"https:\/\/bilshopping.dk\/index.php?rest_route=%2Fwp%2Fv2%2Fbrand&post=4601"}],"curies":[{"name":"wp","href":"https:\/\/api.w.org\/{rel}","templated":true}]}}