{"id":4619,"date":"2023-06-23T18:49:38","date_gmt":"2023-06-23T16:49:38","guid":{"rendered":"https:\/\/bilshopping.dk\/produkt\/alpine-pwdx5-4-kanal-dsp-forstaerker-med-aktiv-subwoofer\/"},"modified":"2023-06-23T18:49:40","modified_gmt":"2023-06-23T16:49:40","slug":"alpine-pwdx5-4-kanal-dsp-forstaerker-med-aktiv-subwoofer","status":"publish","type":"product","link":"https:\/\/bilshopping.dk\/?product=alpine-pwdx5-4-kanal-dsp-forstaerker-med-aktiv-subwoofer","title":{"rendered":"Alpine PWDX5 4 Kanal DSP Forst\u00e6rker med aktiv subwoofer"},"content":{"rendered":"<p>Produktid er <strong>1169<\/strong> og <strong>4958043533145<\/strong><\/p>\n<h2>Anmeldelse af Alpine PWDX5 4 Kanal DSP Forst\u00e6rker med aktiv subwoofer<\/h2>\n<p>Se om vi har en <a href=\"https:\/\/bilshopping.dk\/592\">anmeldelse af Alpine PWDX5 4 Kanal DSP Forst\u00e6rker med aktiv subwoofer<\/a>.<\/p>\n","protected":false},"excerpt":{"rendered":"<p>Alpine PWDX5 4 Kanal DSP Forst\u00e6rker med aktiv subwoofer &#8211; Alt-i-en lydopgradering til ethvert k\u00f8ret\u00f8jOpn\u00e5 en perfekt integreret, h\u00f8j kvalitets, lydoplevelse med kun \u00e9n enhed, Alpine PWDX5 4 Kanal DSP Forst\u00e6rker med aktiv subwoofer.<\/p>\n","protected":false},"featured_media":4620,"comment_status":"closed","ping_status":"open","template":"","meta":{"_kad_post_transparent":"","_kad_post_title":"","_kad_post_layout":"","_kad_post_sidebar_id":"","_kad_post_content_style":"","_kad_post_vertical_padding":"","_kad_post_feature":"","_kad_post_feature_position":"","_kad_post_header":false,"_kad_post_footer":false},"product_cat":[3162,3176],"product_tag":[3164,3177,2988],"brand":[],"class_list":{"0":"post-4619","1":"product","2":"type-product","3":"status-publish","4":"has-post-thumbnail","6":"product_cat-bilstereo","7":"product_cat-forstaerkere","8":"product_tag-bilstereo","9":"product_tag-forstaerkere","10":"product_tag-los","12":"first","13":"instock","14":"sale","15":"product-type-external","16":"entry","17":"content-bg","18":"loop-entry"},"_links":{"self":[{"href":"https:\/\/bilshopping.dk\/index.php?rest_route=\/wp\/v2\/product\/4619","targetHints":{"allow":["GET"]}}],"collection":[{"href":"https:\/\/bilshopping.dk\/index.php?rest_route=\/wp\/v2\/product"}],"about":[{"href":"https:\/\/bilshopping.dk\/index.php?rest_route=\/wp\/v2\/types\/product"}],"replies":[{"embeddable":true,"href":"https:\/\/bilshopping.dk\/index.php?rest_route=%2Fwp%2Fv2%2Fcomments&post=4619"}],"wp:featuredmedia":[{"embeddable":true,"href":"https:\/\/bilshopping.dk\/index.php?rest_route=\/wp\/v2\/media\/4620"}],"wp:attachment":[{"href":"https:\/\/bilshopping.dk\/index.php?rest_route=%2Fwp%2Fv2%2Fmedia&parent=4619"}],"wp:term":[{"taxonomy":"product_cat","embeddable":true,"href":"https:\/\/bilshopping.dk\/index.php?rest_route=%2Fwp%2Fv2%2Fproduct_cat&post=4619"},{"taxonomy":"product_tag","embeddable":true,"href":"https:\/\/bilshopping.dk\/index.php?rest_route=%2Fwp%2Fv2%2Fproduct_tag&post=4619"},{"taxonomy":"brand","embeddable":true,"href":"https:\/\/bilshopping.dk\/index.php?rest_route=%2Fwp%2Fv2%2Fbrand&post=4619"}],"curies":[{"name":"wp","href":"https:\/\/api.w.org\/{rel}","templated":true}]}}