{"id":4675,"date":"2023-06-23T18:49:53","date_gmt":"2023-06-23T16:49:53","guid":{"rendered":"https:\/\/bilshopping.dk\/produkt\/silent-coat-vibrodamp-xl-10-ark\/"},"modified":"2023-06-23T18:50:07","modified_gmt":"2023-06-23T16:50:07","slug":"silent-coat-vibrodamp-xl-10-ark","status":"publish","type":"product","link":"https:\/\/bilshopping.dk\/?product=silent-coat-vibrodamp-xl-10-ark","title":{"rendered":"SILENT COAT VIBRODAMP XL &#8211; 10 ark"},"content":{"rendered":"<p>Produktid er <strong>1216<\/strong> og <strong><\/strong><\/p>\n<h2>Anmeldelse af SILENT COAT VIBRODAMP XL &#8211; 10 ark<\/h2>\n<p>Se om vi har en <a href=\"https:\/\/bilshopping.dk\/592\">anmeldelse af SILENT COAT VIBRODAMP XL &#8211; 10 ark<\/a>.<\/p>\n","protected":false},"excerpt":{"rendered":"<p>Silent Coat Vibrodamp Xtra Large, med arkst\u00f8rrelse p\u00e5 750 x 540 mm, er perfekt til store paneler eller k\u00f8ret\u00f8jsplade. Absorberer resonanser og strukturelle vibrationer og konverterer dem til et lavt niveau af varme. Med Silent Coat 2mm Vibro d\u00e6mpnings ark, SILENT COAT VIBRODAMP XL &#8211; 10 ark.<\/p>\n","protected":false},"featured_media":4676,"comment_status":"closed","ping_status":"open","template":"","meta":{"_kad_post_transparent":"","_kad_post_title":"","_kad_post_layout":"","_kad_post_sidebar_id":"","_kad_post_content_style":"","_kad_post_vertical_padding":"","_kad_post_feature":"","_kad_post_feature_position":"","_kad_post_header":false,"_kad_post_footer":false},"product_cat":[3162,3182],"product_tag":[3164,2988,3183],"brand":[],"class_list":{"0":"post-4675","1":"product","2":"type-product","3":"status-publish","4":"has-post-thumbnail","6":"product_cat-bilstereo","7":"product_cat-monteringsdele","8":"product_tag-bilstereo","9":"product_tag-los","10":"product_tag-monteringsdele","12":"first","13":"instock","14":"product-type-external","15":"entry","16":"content-bg","17":"loop-entry"},"_links":{"self":[{"href":"https:\/\/bilshopping.dk\/index.php?rest_route=\/wp\/v2\/product\/4675","targetHints":{"allow":["GET"]}}],"collection":[{"href":"https:\/\/bilshopping.dk\/index.php?rest_route=\/wp\/v2\/product"}],"about":[{"href":"https:\/\/bilshopping.dk\/index.php?rest_route=\/wp\/v2\/types\/product"}],"replies":[{"embeddable":true,"href":"https:\/\/bilshopping.dk\/index.php?rest_route=%2Fwp%2Fv2%2Fcomments&post=4675"}],"wp:featuredmedia":[{"embeddable":true,"href":"https:\/\/bilshopping.dk\/index.php?rest_route=\/wp\/v2\/media\/4676"}],"wp:attachment":[{"href":"https:\/\/bilshopping.dk\/index.php?rest_route=%2Fwp%2Fv2%2Fmedia&parent=4675"}],"wp:term":[{"taxonomy":"product_cat","embeddable":true,"href":"https:\/\/bilshopping.dk\/index.php?rest_route=%2Fwp%2Fv2%2Fproduct_cat&post=4675"},{"taxonomy":"product_tag","embeddable":true,"href":"https:\/\/bilshopping.dk\/index.php?rest_route=%2Fwp%2Fv2%2Fproduct_tag&post=4675"},{"taxonomy":"brand","embeddable":true,"href":"https:\/\/bilshopping.dk\/index.php?rest_route=%2Fwp%2Fv2%2Fbrand&post=4675"}],"curies":[{"name":"wp","href":"https:\/\/api.w.org\/{rel}","templated":true}]}}