{"id":4790,"date":"2023-06-23T18:50:43","date_gmt":"2023-06-23T16:50:43","guid":{"rendered":"https:\/\/bilshopping.dk\/produkt\/bardahl-roed-koelervaeske-vw-g12-5-ltr\/"},"modified":"2023-06-23T18:50:51","modified_gmt":"2023-06-23T16:50:51","slug":"bardahl-roed-koelervaeske-vw-g12-5-ltr","status":"publish","type":"product","link":"https:\/\/bilshopping.dk\/?product=bardahl-roed-koelervaeske-vw-g12-5-ltr","title":{"rendered":"Bardahl R\u00f8d k\u00f8lerv\u00e6ske (VW G12)+ 5 ltr"},"content":{"rendered":"<p>Produktid er <strong>1273-1641<\/strong> og <strong>3266720085131<\/strong><\/p>\n<h2>Anmeldelse af Bardahl R\u00f8d k\u00f8lerv\u00e6ske (VW G12)+ 5 ltr<\/h2>\n<p>Se om vi har en <a href=\"https:\/\/bilshopping.dk\/592\">anmeldelse af Bardahl R\u00f8d k\u00f8lerv\u00e6ske (VW G12)+ 5 ltr<\/a>.<\/p>\n","protected":false},"excerpt":{"rendered":"<p>K\u00f8lerv\u00e6ske som er klar til brug, s\u00e5 der beh\u00f8ves ikke tils\u00e6tning af vand.<br \/>\n\tFrostsikret til -35\u00c2\u00b0 grader.<br \/>\n\tForhindrer overophedning til +107\u00c2\u00b0 grader.<br \/>\n\tReducerer korrosion og oxidering., Bardahl R\u00f8d k\u00f8lerv\u00e6ske (VW G12)+ 5 ltr.<\/p>\n","protected":false},"featured_media":4791,"comment_status":"closed","ping_status":"open","template":"","meta":{"_kad_post_transparent":"","_kad_post_title":"","_kad_post_layout":"","_kad_post_sidebar_id":"","_kad_post_content_style":"","_kad_post_vertical_padding":"","_kad_post_feature":"","_kad_post_feature_position":"","_kad_post_header":false,"_kad_post_footer":false},"product_cat":[3268,3127],"product_tag":[3269,2988,3129],"brand":[],"class_list":{"0":"post-4790","1":"product","2":"type-product","3":"status-publish","4":"has-post-thumbnail","6":"product_cat-koelervaeske","7":"product_cat-olie-kemi","8":"product_tag-koelervaeske","9":"product_tag-los","10":"product_tag-olie-kemi","12":"first","13":"instock","14":"sale","15":"product-type-external","16":"entry","17":"content-bg","18":"loop-entry"},"_links":{"self":[{"href":"https:\/\/bilshopping.dk\/index.php?rest_route=\/wp\/v2\/product\/4790","targetHints":{"allow":["GET"]}}],"collection":[{"href":"https:\/\/bilshopping.dk\/index.php?rest_route=\/wp\/v2\/product"}],"about":[{"href":"https:\/\/bilshopping.dk\/index.php?rest_route=\/wp\/v2\/types\/product"}],"replies":[{"embeddable":true,"href":"https:\/\/bilshopping.dk\/index.php?rest_route=%2Fwp%2Fv2%2Fcomments&post=4790"}],"wp:featuredmedia":[{"embeddable":true,"href":"https:\/\/bilshopping.dk\/index.php?rest_route=\/wp\/v2\/media\/4791"}],"wp:attachment":[{"href":"https:\/\/bilshopping.dk\/index.php?rest_route=%2Fwp%2Fv2%2Fmedia&parent=4790"}],"wp:term":[{"taxonomy":"product_cat","embeddable":true,"href":"https:\/\/bilshopping.dk\/index.php?rest_route=%2Fwp%2Fv2%2Fproduct_cat&post=4790"},{"taxonomy":"product_tag","embeddable":true,"href":"https:\/\/bilshopping.dk\/index.php?rest_route=%2Fwp%2Fv2%2Fproduct_tag&post=4790"},{"taxonomy":"brand","embeddable":true,"href":"https:\/\/bilshopping.dk\/index.php?rest_route=%2Fwp%2Fv2%2Fbrand&post=4790"}],"curies":[{"name":"wp","href":"https:\/\/api.w.org\/{rel}","templated":true}]}}