{"id":4844,"date":"2023-06-23T18:51:12","date_gmt":"2023-06-23T16:51:12","guid":{"rendered":"https:\/\/bilshopping.dk\/produkt\/thule-bagageboks-backspace-xt\/"},"modified":"2023-06-23T18:51:13","modified_gmt":"2023-06-23T16:51:13","slug":"thule-bagageboks-backspace-xt","status":"publish","type":"product","link":"https:\/\/bilshopping.dk\/?product=thule-bagageboks-backspace-xt","title":{"rendered":"Thule bagageboks Backspace XT"},"content":{"rendered":"<p>Produktid er <strong>1321<\/strong> og <strong>7313020079707<\/strong><\/p>\n<h2>Anmeldelse af Thule bagageboks Backspace XT<\/h2>\n<p>Se om vi har en <a href=\"https:\/\/bilshopping.dk\/592\">anmeldelse af Thule bagageboks Backspace XT<\/a>.<\/p>\n","protected":false},"excerpt":{"rendered":"<p>Thule bagageboks Backspace XT monteres let direkte p\u00e5 Thule VeloSpace XT tr\u00e6kmonteret cykelholder  &#8211;  uden brug af v\u00e6rkt\u00f8j\u00c2\u00a0<br \/>\nF\u00f8rsteklasses bagageboks, der giver bilen 300 l ekstra lettilg\u00e6ngelig opbevaringsplads. Perfekt til to golftasker eller en Thule C, Thule bagageboks Backspace XT.<\/p>\n","protected":false},"featured_media":4845,"comment_status":"closed","ping_status":"open","template":"","meta":{"_kad_post_transparent":"","_kad_post_title":"","_kad_post_layout":"","_kad_post_sidebar_id":"","_kad_post_content_style":"","_kad_post_vertical_padding":"","_kad_post_feature":"","_kad_post_feature_position":"","_kad_post_header":false,"_kad_post_footer":false},"product_cat":[3237,3184],"product_tag":[2988,3238,3186],"brand":[],"class_list":{"0":"post-4844","1":"product","2":"type-product","3":"status-publish","4":"has-post-thumbnail","6":"product_cat-tagbokse","7":"product_cat-transportudstyr","8":"product_tag-los","9":"product_tag-tagbokse","10":"product_tag-transportudstyr","12":"first","13":"instock","14":"product-type-external","15":"entry","16":"content-bg","17":"loop-entry"},"_links":{"self":[{"href":"https:\/\/bilshopping.dk\/index.php?rest_route=\/wp\/v2\/product\/4844","targetHints":{"allow":["GET"]}}],"collection":[{"href":"https:\/\/bilshopping.dk\/index.php?rest_route=\/wp\/v2\/product"}],"about":[{"href":"https:\/\/bilshopping.dk\/index.php?rest_route=\/wp\/v2\/types\/product"}],"replies":[{"embeddable":true,"href":"https:\/\/bilshopping.dk\/index.php?rest_route=%2Fwp%2Fv2%2Fcomments&post=4844"}],"wp:featuredmedia":[{"embeddable":true,"href":"https:\/\/bilshopping.dk\/index.php?rest_route=\/wp\/v2\/media\/4845"}],"wp:attachment":[{"href":"https:\/\/bilshopping.dk\/index.php?rest_route=%2Fwp%2Fv2%2Fmedia&parent=4844"}],"wp:term":[{"taxonomy":"product_cat","embeddable":true,"href":"https:\/\/bilshopping.dk\/index.php?rest_route=%2Fwp%2Fv2%2Fproduct_cat&post=4844"},{"taxonomy":"product_tag","embeddable":true,"href":"https:\/\/bilshopping.dk\/index.php?rest_route=%2Fwp%2Fv2%2Fproduct_tag&post=4844"},{"taxonomy":"brand","embeddable":true,"href":"https:\/\/bilshopping.dk\/index.php?rest_route=%2Fwp%2Fv2%2Fbrand&post=4844"}],"curies":[{"name":"wp","href":"https:\/\/api.w.org\/{rel}","templated":true}]}}