{"id":4923,"date":"2023-06-23T18:51:52","date_gmt":"2023-06-23T16:51:52","guid":{"rendered":"https:\/\/bilshopping.dk\/produkt\/hertz-hp802-spl-show-forstaerker-1800-watt\/"},"modified":"2023-06-23T18:51:55","modified_gmt":"2023-06-23T16:51:55","slug":"hertz-hp802-spl-show-forstaerker-1800-watt","status":"publish","type":"product","link":"https:\/\/bilshopping.dk\/?product=hertz-hp802-spl-show-forstaerker-1800-watt","title":{"rendered":"Hertz HP802 SPL Show forst\u00e6rker 1800 watt"},"content":{"rendered":"<p>Produktid er <strong>1393<\/strong> og <strong>8018823111515<\/strong><\/p>\n<h2>Anmeldelse af Hertz HP802 SPL Show forst\u00e6rker 1800 watt<\/h2>\n<p>Se om vi har en <a href=\"https:\/\/bilshopping.dk\/592\">anmeldelse af Hertz HP802 SPL Show forst\u00e6rker 1800 watt<\/a>.<\/p>\n","protected":false},"excerpt":{"rendered":"<p>Hertz HP802 SPL Show forst\u00e6rker 1800 watt er en AB Class stereoforst\u00e6rker, der er i stand til at levere op til 1800W., Hertz HP802 SPL Show forst\u00e6rker 1800 watt.<\/p>\n","protected":false},"featured_media":4924,"comment_status":"closed","ping_status":"open","template":"","meta":{"_kad_post_transparent":"","_kad_post_title":"","_kad_post_layout":"","_kad_post_sidebar_id":"","_kad_post_content_style":"","_kad_post_vertical_padding":"","_kad_post_feature":"","_kad_post_feature_position":"","_kad_post_header":false,"_kad_post_footer":false},"product_cat":[3162,3176],"product_tag":[3164,3177,2988],"brand":[],"class_list":{"0":"post-4923","1":"product","2":"type-product","3":"status-publish","4":"has-post-thumbnail","6":"product_cat-bilstereo","7":"product_cat-forstaerkere","8":"product_tag-bilstereo","9":"product_tag-forstaerkere","10":"product_tag-los","12":"first","13":"instock","14":"product-type-external","15":"entry","16":"content-bg","17":"loop-entry"},"_links":{"self":[{"href":"https:\/\/bilshopping.dk\/index.php?rest_route=\/wp\/v2\/product\/4923","targetHints":{"allow":["GET"]}}],"collection":[{"href":"https:\/\/bilshopping.dk\/index.php?rest_route=\/wp\/v2\/product"}],"about":[{"href":"https:\/\/bilshopping.dk\/index.php?rest_route=\/wp\/v2\/types\/product"}],"replies":[{"embeddable":true,"href":"https:\/\/bilshopping.dk\/index.php?rest_route=%2Fwp%2Fv2%2Fcomments&post=4923"}],"wp:featuredmedia":[{"embeddable":true,"href":"https:\/\/bilshopping.dk\/index.php?rest_route=\/wp\/v2\/media\/4924"}],"wp:attachment":[{"href":"https:\/\/bilshopping.dk\/index.php?rest_route=%2Fwp%2Fv2%2Fmedia&parent=4923"}],"wp:term":[{"taxonomy":"product_cat","embeddable":true,"href":"https:\/\/bilshopping.dk\/index.php?rest_route=%2Fwp%2Fv2%2Fproduct_cat&post=4923"},{"taxonomy":"product_tag","embeddable":true,"href":"https:\/\/bilshopping.dk\/index.php?rest_route=%2Fwp%2Fv2%2Fproduct_tag&post=4923"},{"taxonomy":"brand","embeddable":true,"href":"https:\/\/bilshopping.dk\/index.php?rest_route=%2Fwp%2Fv2%2Fbrand&post=4923"}],"curies":[{"name":"wp","href":"https:\/\/api.w.org\/{rel}","templated":true}]}}