{"id":4961,"date":"2023-06-23T18:52:25","date_gmt":"2023-06-23T16:52:25","guid":{"rendered":"https:\/\/bilshopping.dk\/produkt\/hertz-mpk130-3-mille-pro-hoejtaler-130-mm-5-25\/"},"modified":"2023-06-23T18:52:28","modified_gmt":"2023-06-23T16:52:28","slug":"hertz-mpk130-3-mille-pro-hoejtaler-130-mm-5-25","status":"publish","type":"product","link":"https:\/\/bilshopping.dk\/?product=hertz-mpk130-3-mille-pro-hoejtaler-130-mm-5-25","title":{"rendered":"Hertz MPK130.3 Mille Pro H\u00f8jtaler 130 mm &#8211; 5.25&#8243;"},"content":{"rendered":"<p>Produktid er <strong>1419<\/strong> og <strong>8018823113892<\/strong><\/p>\n<h2>Anmeldelse af Hertz MPK130.3 Mille Pro H\u00f8jtaler 130 mm &#8211; 5.25&#8243;<\/h2>\n<p>Se om vi har en <a href=\"https:\/\/bilshopping.dk\/592\">anmeldelse af Hertz MPK130.3 Mille Pro H\u00f8jtaler 130 mm &#8211; 5.25&#8243;<\/a>.<\/p>\n","protected":false},"excerpt":{"rendered":"<p>Hertz Mille PRO MPK 130,3 bilh\u00f8jttaler systemet er designet til at sikre en dynamik og ikke mindst en bas, der kan h\u00f8res og m\u00e6rkes, selv i biler der ikke har plads til en subwoofer., Hertz MPK130.3 Mille Pro H\u00f8jtaler 130 mm &#8211; 5.25&#8243;.<\/p>\n","protected":false},"featured_media":4962,"comment_status":"closed","ping_status":"open","template":"","meta":{"_kad_post_transparent":"","_kad_post_title":"","_kad_post_layout":"","_kad_post_sidebar_id":"","_kad_post_content_style":"","_kad_post_vertical_padding":"","_kad_post_feature":"","_kad_post_feature_position":"","_kad_post_header":false,"_kad_post_footer":false},"product_cat":[3162,3180],"product_tag":[3164,3181,2988],"brand":[],"class_list":{"0":"post-4961","1":"product","2":"type-product","3":"status-publish","4":"has-post-thumbnail","6":"product_cat-bilstereo","7":"product_cat-hoejttalere","8":"product_tag-bilstereo","9":"product_tag-hoejttalere","10":"product_tag-los","12":"first","13":"instock","14":"product-type-external","15":"entry","16":"content-bg","17":"loop-entry"},"_links":{"self":[{"href":"https:\/\/bilshopping.dk\/index.php?rest_route=\/wp\/v2\/product\/4961","targetHints":{"allow":["GET"]}}],"collection":[{"href":"https:\/\/bilshopping.dk\/index.php?rest_route=\/wp\/v2\/product"}],"about":[{"href":"https:\/\/bilshopping.dk\/index.php?rest_route=\/wp\/v2\/types\/product"}],"replies":[{"embeddable":true,"href":"https:\/\/bilshopping.dk\/index.php?rest_route=%2Fwp%2Fv2%2Fcomments&post=4961"}],"wp:featuredmedia":[{"embeddable":true,"href":"https:\/\/bilshopping.dk\/index.php?rest_route=\/wp\/v2\/media\/4962"}],"wp:attachment":[{"href":"https:\/\/bilshopping.dk\/index.php?rest_route=%2Fwp%2Fv2%2Fmedia&parent=4961"}],"wp:term":[{"taxonomy":"product_cat","embeddable":true,"href":"https:\/\/bilshopping.dk\/index.php?rest_route=%2Fwp%2Fv2%2Fproduct_cat&post=4961"},{"taxonomy":"product_tag","embeddable":true,"href":"https:\/\/bilshopping.dk\/index.php?rest_route=%2Fwp%2Fv2%2Fproduct_tag&post=4961"},{"taxonomy":"brand","embeddable":true,"href":"https:\/\/bilshopping.dk\/index.php?rest_route=%2Fwp%2Fv2%2Fbrand&post=4961"}],"curies":[{"name":"wp","href":"https:\/\/api.w.org\/{rel}","templated":true}]}}