{"id":4969,"date":"2023-06-23T18:52:25","date_gmt":"2023-06-23T16:52:25","guid":{"rendered":"https:\/\/bilshopping.dk\/produkt\/hertz-st25-spl-monster-diskant-25-mm-bullet\/"},"modified":"2023-06-23T18:52:33","modified_gmt":"2023-06-23T16:52:33","slug":"hertz-st25-spl-monster-diskant-25-mm-bullet","status":"publish","type":"product","link":"https:\/\/bilshopping.dk\/?product=hertz-st25-spl-monster-diskant-25-mm-bullet","title":{"rendered":"Hertz ST25 SPL Monster diskant 25 mm, Bullet"},"content":{"rendered":"<p>Produktid er <strong>1424<\/strong> og <strong>8018823103244<\/strong><\/p>\n<h2>Anmeldelse af Hertz ST25 SPL Monster diskant 25 mm, Bullet<\/h2>\n<p>Se om vi har en <a href=\"https:\/\/bilshopping.dk\/592\">anmeldelse af Hertz ST25 SPL Monster diskant 25 mm, Bullet<\/a>.<\/p>\n","protected":false},"excerpt":{"rendered":"<p>Hertz ST25 SPL Monster diskant 25 mm, Bullet har\u00c2\u00a0en ekstrem\u00c2\u00a0kompakt st\u00f8rrelse for en s\u00e5\u00c2\u00a0eksplosiv kraftig diskant. HERTZ ST 25 er den f\u00f8rste Hertz tweeter specielt designet til SPL konkurrencer.\u00c2\u00a0, Hertz ST25 SPL Monster diskant 25 mm, Bullet.<\/p>\n","protected":false},"featured_media":4970,"comment_status":"closed","ping_status":"open","template":"","meta":{"_kad_post_transparent":"","_kad_post_title":"","_kad_post_layout":"","_kad_post_sidebar_id":"","_kad_post_content_style":"","_kad_post_vertical_padding":"","_kad_post_feature":"","_kad_post_feature_position":"","_kad_post_header":false,"_kad_post_footer":false},"product_cat":[3162,3180],"product_tag":[3164,3181,2988],"brand":[],"class_list":{"0":"post-4969","1":"product","2":"type-product","3":"status-publish","4":"has-post-thumbnail","6":"product_cat-bilstereo","7":"product_cat-hoejttalere","8":"product_tag-bilstereo","9":"product_tag-hoejttalere","10":"product_tag-los","12":"first","13":"instock","14":"product-type-external","15":"entry","16":"content-bg","17":"loop-entry"},"_links":{"self":[{"href":"https:\/\/bilshopping.dk\/index.php?rest_route=\/wp\/v2\/product\/4969","targetHints":{"allow":["GET"]}}],"collection":[{"href":"https:\/\/bilshopping.dk\/index.php?rest_route=\/wp\/v2\/product"}],"about":[{"href":"https:\/\/bilshopping.dk\/index.php?rest_route=\/wp\/v2\/types\/product"}],"replies":[{"embeddable":true,"href":"https:\/\/bilshopping.dk\/index.php?rest_route=%2Fwp%2Fv2%2Fcomments&post=4969"}],"wp:featuredmedia":[{"embeddable":true,"href":"https:\/\/bilshopping.dk\/index.php?rest_route=\/wp\/v2\/media\/4970"}],"wp:attachment":[{"href":"https:\/\/bilshopping.dk\/index.php?rest_route=%2Fwp%2Fv2%2Fmedia&parent=4969"}],"wp:term":[{"taxonomy":"product_cat","embeddable":true,"href":"https:\/\/bilshopping.dk\/index.php?rest_route=%2Fwp%2Fv2%2Fproduct_cat&post=4969"},{"taxonomy":"product_tag","embeddable":true,"href":"https:\/\/bilshopping.dk\/index.php?rest_route=%2Fwp%2Fv2%2Fproduct_tag&post=4969"},{"taxonomy":"brand","embeddable":true,"href":"https:\/\/bilshopping.dk\/index.php?rest_route=%2Fwp%2Fv2%2Fbrand&post=4969"}],"curies":[{"name":"wp","href":"https:\/\/api.w.org\/{rel}","templated":true}]}}