{"id":6059,"date":"2023-06-23T19:20:12","date_gmt":"2023-06-23T17:20:12","guid":{"rendered":"https:\/\/bilshopping.dk\/produkt\/racoon-poleringssaet-polering-set-small\/"},"modified":"2023-06-23T19:20:17","modified_gmt":"2023-06-23T17:20:17","slug":"racoon-poleringssaet-polering-set-small","status":"publish","type":"product","link":"https:\/\/bilshopping.dk\/?product=racoon-poleringssaet-polering-set-small","title":{"rendered":"Racoon poleringss\u00e6t &#8211; Polering Set Small"},"content":{"rendered":"<p>Produktid er <strong>2248<\/strong> og <strong>5709255108497<\/strong><\/p>\n<h2>Anmeldelse af Racoon poleringss\u00e6t &#8211; Polering Set Small<\/h2>\n<p>Se om vi har en <a href=\"https:\/\/bilshopping.dk\/592\">anmeldelse af Racoon poleringss\u00e6t &#8211; Polering Set Small<\/a>.<\/p>\n","protected":false},"excerpt":{"rendered":"<p>Du kan polere alt fra en h\u00e5rd lak til en bl\u00f8d lak uden at skulle ud og k\u00f8be nye produkter.\u00c2\u00a0<br \/>\nS\u00e6ttet indeholder:<br \/>\n1 x 200 ml Politur Antihologram<br \/>\n1 x 200 ml Politur Extra Cut<br \/>\n1 x 200 ml Politur Nemesis All in one, Racoon poleringss\u00e6t &#8211; Polering Set Small.<\/p>\n","protected":false},"featured_media":6060,"comment_status":"closed","ping_status":"open","template":"","meta":{"_kad_post_transparent":"","_kad_post_title":"","_kad_post_layout":"","_kad_post_sidebar_id":"","_kad_post_content_style":"","_kad_post_vertical_padding":"","_kad_post_feature":"","_kad_post_feature_position":"","_kad_post_header":false,"_kad_post_footer":false},"product_cat":[3145,3150],"product_tag":[3147,3151,2988],"brand":[],"class_list":{"0":"post-6059","1":"product","2":"type-product","3":"status-publish","4":"has-post-thumbnail","6":"product_cat-bilpleje","7":"product_cat-lakpleje","8":"product_tag-bilpleje","9":"product_tag-lakpleje","10":"product_tag-los","12":"first","13":"instock","14":"sale","15":"product-type-external","16":"entry","17":"content-bg","18":"loop-entry"},"_links":{"self":[{"href":"https:\/\/bilshopping.dk\/index.php?rest_route=\/wp\/v2\/product\/6059","targetHints":{"allow":["GET"]}}],"collection":[{"href":"https:\/\/bilshopping.dk\/index.php?rest_route=\/wp\/v2\/product"}],"about":[{"href":"https:\/\/bilshopping.dk\/index.php?rest_route=\/wp\/v2\/types\/product"}],"replies":[{"embeddable":true,"href":"https:\/\/bilshopping.dk\/index.php?rest_route=%2Fwp%2Fv2%2Fcomments&post=6059"}],"wp:featuredmedia":[{"embeddable":true,"href":"https:\/\/bilshopping.dk\/index.php?rest_route=\/wp\/v2\/media\/6060"}],"wp:attachment":[{"href":"https:\/\/bilshopping.dk\/index.php?rest_route=%2Fwp%2Fv2%2Fmedia&parent=6059"}],"wp:term":[{"taxonomy":"product_cat","embeddable":true,"href":"https:\/\/bilshopping.dk\/index.php?rest_route=%2Fwp%2Fv2%2Fproduct_cat&post=6059"},{"taxonomy":"product_tag","embeddable":true,"href":"https:\/\/bilshopping.dk\/index.php?rest_route=%2Fwp%2Fv2%2Fproduct_tag&post=6059"},{"taxonomy":"brand","embeddable":true,"href":"https:\/\/bilshopping.dk\/index.php?rest_route=%2Fwp%2Fv2%2Fbrand&post=6059"}],"curies":[{"name":"wp","href":"https:\/\/api.w.org\/{rel}","templated":true}]}}