{"id":6250,"date":"2023-06-23T19:22:15","date_gmt":"2023-06-23T17:22:15","guid":{"rendered":"https:\/\/bilshopping.dk\/produkt\/alpine-ine-w720d-2din-multimedie-station-med-navigation\/"},"modified":"2023-06-23T19:22:18","modified_gmt":"2023-06-23T17:22:18","slug":"alpine-ine-w720d-2din-multimedie-station-med-navigation","status":"publish","type":"product","link":"https:\/\/bilshopping.dk\/?product=alpine-ine-w720d-2din-multimedie-station-med-navigation","title":{"rendered":"Alpine INE-W720D 2DIN Multimedie Station med navigation"},"content":{"rendered":"<p>Produktid er <strong>2343<\/strong> og <strong>4958043533718<\/strong><\/p>\n<h2>Anmeldelse af Alpine INE-W720D 2DIN Multimedie Station med navigation<\/h2>\n<p>Se om vi har en <a href=\"https:\/\/bilshopping.dk\/592\">anmeldelse af Alpine INE-W720D 2DIN Multimedie Station med navigation<\/a>.<\/p>\n","protected":false},"excerpt":{"rendered":"<p>Med Alpine INEW720D f\u00e5r du en 7&#8243; touchsk\u00e6rm med indbygget navigation, samt muligheden for online navigation, da INEW720D fungere sammen med b\u00e5de Apple CarPlay og Android Auto. Med Apple CarPlay og Android Auto f\u00e5r du ogs\u00e5 adgang til de seneste smartphone, Alpine INE-W720D 2DIN Multimedie Station med navigation.<\/p>\n","protected":false},"featured_media":6251,"comment_status":"closed","ping_status":"open","template":"","meta":{"_kad_post_transparent":"","_kad_post_title":"","_kad_post_layout":"","_kad_post_sidebar_id":"","_kad_post_content_style":"","_kad_post_vertical_padding":"","_kad_post_feature":"","_kad_post_feature_position":"","_kad_post_header":false,"_kad_post_footer":false},"product_cat":[3162,3166],"product_tag":[3164,2988,3168],"brand":[],"class_list":{"0":"post-6250","1":"product","2":"type-product","3":"status-publish","4":"has-post-thumbnail","6":"product_cat-bilstereo","7":"product_cat-multimedie","8":"product_tag-bilstereo","9":"product_tag-los","10":"product_tag-multimedie","12":"first","13":"instock","14":"sale","15":"product-type-external","16":"entry","17":"content-bg","18":"loop-entry"},"_links":{"self":[{"href":"https:\/\/bilshopping.dk\/index.php?rest_route=\/wp\/v2\/product\/6250","targetHints":{"allow":["GET"]}}],"collection":[{"href":"https:\/\/bilshopping.dk\/index.php?rest_route=\/wp\/v2\/product"}],"about":[{"href":"https:\/\/bilshopping.dk\/index.php?rest_route=\/wp\/v2\/types\/product"}],"replies":[{"embeddable":true,"href":"https:\/\/bilshopping.dk\/index.php?rest_route=%2Fwp%2Fv2%2Fcomments&post=6250"}],"wp:featuredmedia":[{"embeddable":true,"href":"https:\/\/bilshopping.dk\/index.php?rest_route=\/wp\/v2\/media\/6251"}],"wp:attachment":[{"href":"https:\/\/bilshopping.dk\/index.php?rest_route=%2Fwp%2Fv2%2Fmedia&parent=6250"}],"wp:term":[{"taxonomy":"product_cat","embeddable":true,"href":"https:\/\/bilshopping.dk\/index.php?rest_route=%2Fwp%2Fv2%2Fproduct_cat&post=6250"},{"taxonomy":"product_tag","embeddable":true,"href":"https:\/\/bilshopping.dk\/index.php?rest_route=%2Fwp%2Fv2%2Fproduct_tag&post=6250"},{"taxonomy":"brand","embeddable":true,"href":"https:\/\/bilshopping.dk\/index.php?rest_route=%2Fwp%2Fv2%2Fbrand&post=6250"}],"curies":[{"name":"wp","href":"https:\/\/api.w.org\/{rel}","templated":true}]}}