{"id":6296,"date":"2023-06-23T19:22:33","date_gmt":"2023-06-23T17:22:33","guid":{"rendered":"https:\/\/bilshopping.dk\/produkt\/rockford-fosgate-prime-r2-300x4-4-kanal-forstaerker\/"},"modified":"2023-06-23T19:22:42","modified_gmt":"2023-06-23T17:22:42","slug":"rockford-fosgate-prime-r2-300x4-4-kanal-forstaerker","status":"publish","type":"product","link":"https:\/\/bilshopping.dk\/?product=rockford-fosgate-prime-r2-300x4-4-kanal-forstaerker","title":{"rendered":"Rockford Fosgate Prime R2-300&#215;4 &#8211; 4 kanal Forst\u00e6rker"},"content":{"rendered":"<p>Produktid er <strong>2368<\/strong> og <strong>780687355821<\/strong><\/p>\n<h2>Anmeldelse af Rockford Fosgate Prime R2-300&#215;4 &#8211; 4 kanal Forst\u00e6rker<\/h2>\n<p>Se om vi har en <a href=\"https:\/\/bilshopping.dk\/592\">anmeldelse af Rockford Fosgate Prime R2-300&#215;4 &#8211; 4 kanal Forst\u00e6rker<\/a>.<\/p>\n","protected":false},"excerpt":{"rendered":"<p>Rockford Fosgate\u00c2\u00a0R2-300X4 forst\u00e6rkeren er en 300 watt full-range D-klasse forst\u00e6rker, der\u00c2\u00a0er i stand til at yde\u00c2\u00a0ved 4\u00ce\u00a9 eller 2\u00ce\u00a9 og kan brokobles., Rockford Fosgate Prime R2-300&#215;4 &#8211; 4 kanal Forst\u00e6rker.<\/p>\n","protected":false},"featured_media":6297,"comment_status":"closed","ping_status":"open","template":"","meta":{"_kad_post_transparent":"","_kad_post_title":"","_kad_post_layout":"","_kad_post_sidebar_id":"","_kad_post_content_style":"","_kad_post_vertical_padding":"","_kad_post_feature":"","_kad_post_feature_position":"","_kad_post_header":false,"_kad_post_footer":false},"product_cat":[3162,3176],"product_tag":[3164,3177,2988],"brand":[],"class_list":{"0":"post-6296","1":"product","2":"type-product","3":"status-publish","4":"has-post-thumbnail","6":"product_cat-bilstereo","7":"product_cat-forstaerkere","8":"product_tag-bilstereo","9":"product_tag-forstaerkere","10":"product_tag-los","12":"first","13":"instock","14":"product-type-external","15":"entry","16":"content-bg","17":"loop-entry"},"_links":{"self":[{"href":"https:\/\/bilshopping.dk\/index.php?rest_route=\/wp\/v2\/product\/6296","targetHints":{"allow":["GET"]}}],"collection":[{"href":"https:\/\/bilshopping.dk\/index.php?rest_route=\/wp\/v2\/product"}],"about":[{"href":"https:\/\/bilshopping.dk\/index.php?rest_route=\/wp\/v2\/types\/product"}],"replies":[{"embeddable":true,"href":"https:\/\/bilshopping.dk\/index.php?rest_route=%2Fwp%2Fv2%2Fcomments&post=6296"}],"wp:featuredmedia":[{"embeddable":true,"href":"https:\/\/bilshopping.dk\/index.php?rest_route=\/wp\/v2\/media\/6297"}],"wp:attachment":[{"href":"https:\/\/bilshopping.dk\/index.php?rest_route=%2Fwp%2Fv2%2Fmedia&parent=6296"}],"wp:term":[{"taxonomy":"product_cat","embeddable":true,"href":"https:\/\/bilshopping.dk\/index.php?rest_route=%2Fwp%2Fv2%2Fproduct_cat&post=6296"},{"taxonomy":"product_tag","embeddable":true,"href":"https:\/\/bilshopping.dk\/index.php?rest_route=%2Fwp%2Fv2%2Fproduct_tag&post=6296"},{"taxonomy":"brand","embeddable":true,"href":"https:\/\/bilshopping.dk\/index.php?rest_route=%2Fwp%2Fv2%2Fbrand&post=6296"}],"curies":[{"name":"wp","href":"https:\/\/api.w.org\/{rel}","templated":true}]}}