{"id":6327,"date":"2023-06-23T19:23:04","date_gmt":"2023-06-23T17:23:04","guid":{"rendered":"https:\/\/bilshopping.dk\/produkt\/motip-fin-spartelmasse-1-kg\/"},"modified":"2023-06-23T19:23:11","modified_gmt":"2023-06-23T17:23:11","slug":"motip-fin-spartelmasse-1-kg","status":"publish","type":"product","link":"https:\/\/bilshopping.dk\/?product=motip-fin-spartelmasse-1-kg","title":{"rendered":"Motip Fin spartelmasse &#8211; 1 kg"},"content":{"rendered":"<p>Produktid er <strong>2387<\/strong> og <strong>8711347001576<\/strong><\/p>\n<h2>Anmeldelse af Motip Fin spartelmasse &#8211; 1 kg<\/h2>\n<p>Se om vi har en <a href=\"https:\/\/bilshopping.dk\/592\">anmeldelse af Motip Fin spartelmasse &#8211; 1 kg<\/a>.<\/p>\n","protected":false},"excerpt":{"rendered":"<p>2 komponent fin spartelmasse til sm\u00e5 niveau uregelm\u00e6ssigheder i overflader af st\u00e5l,aluminium, tr\u00e6, beton og polyester., Motip Fin spartelmasse &#8211; 1 kg.<\/p>\n","protected":false},"featured_media":6328,"comment_status":"closed","ping_status":"open","template":"","meta":{"_kad_post_transparent":"","_kad_post_title":"","_kad_post_layout":"","_kad_post_sidebar_id":"","_kad_post_content_style":"","_kad_post_vertical_padding":"","_kad_post_feature":"","_kad_post_feature_position":"","_kad_post_header":false,"_kad_post_footer":false},"product_cat":[3127,3143],"product_tag":[2988,3129,3144],"brand":[],"class_list":{"0":"post-6327","1":"product","2":"type-product","3":"status-publish","4":"has-post-thumbnail","6":"product_cat-olie-kemi","7":"product_cat-pakning-lim-diverse","8":"product_tag-los","9":"product_tag-olie-kemi","10":"product_tag-pakning-lim-diverse","12":"first","13":"instock","14":"product-type-external","15":"entry","16":"content-bg","17":"loop-entry"},"_links":{"self":[{"href":"https:\/\/bilshopping.dk\/index.php?rest_route=\/wp\/v2\/product\/6327","targetHints":{"allow":["GET"]}}],"collection":[{"href":"https:\/\/bilshopping.dk\/index.php?rest_route=\/wp\/v2\/product"}],"about":[{"href":"https:\/\/bilshopping.dk\/index.php?rest_route=\/wp\/v2\/types\/product"}],"replies":[{"embeddable":true,"href":"https:\/\/bilshopping.dk\/index.php?rest_route=%2Fwp%2Fv2%2Fcomments&post=6327"}],"wp:featuredmedia":[{"embeddable":true,"href":"https:\/\/bilshopping.dk\/index.php?rest_route=\/wp\/v2\/media\/6328"}],"wp:attachment":[{"href":"https:\/\/bilshopping.dk\/index.php?rest_route=%2Fwp%2Fv2%2Fmedia&parent=6327"}],"wp:term":[{"taxonomy":"product_cat","embeddable":true,"href":"https:\/\/bilshopping.dk\/index.php?rest_route=%2Fwp%2Fv2%2Fproduct_cat&post=6327"},{"taxonomy":"product_tag","embeddable":true,"href":"https:\/\/bilshopping.dk\/index.php?rest_route=%2Fwp%2Fv2%2Fproduct_tag&post=6327"},{"taxonomy":"brand","embeddable":true,"href":"https:\/\/bilshopping.dk\/index.php?rest_route=%2Fwp%2Fv2%2Fbrand&post=6327"}],"curies":[{"name":"wp","href":"https:\/\/api.w.org\/{rel}","templated":true}]}}