{"id":6337,"date":"2023-06-23T19:23:04","date_gmt":"2023-06-23T17:23:04","guid":{"rendered":"https:\/\/bilshopping.dk\/produkt\/caliber-hoejtalerkabel-transparent-25-mma%c2%b2-10-m\/"},"modified":"2023-06-23T19:23:14","modified_gmt":"2023-06-23T17:23:14","slug":"caliber-hoejtalerkabel-transparent-25-mma%c2%b2-10-m","status":"publish","type":"product","link":"https:\/\/bilshopping.dk\/?product=caliber-hoejtalerkabel-transparent-25-mma%c2%b2-10-m","title":{"rendered":"Caliber H\u00f8jtalerkabel transparent 2,5 mm\u00c2\u00b2 &#8211; 10 m"},"content":{"rendered":"<p>Produktid er <strong>2393<\/strong> og <strong><\/strong><\/p>\n<h2>Anmeldelse af Caliber H\u00f8jtalerkabel transparent 2,5 mm\u00c2\u00b2 &#8211; 10 m<\/h2>\n<p>Se om vi har en <a href=\"https:\/\/bilshopping.dk\/592\">anmeldelse af Caliber H\u00f8jtalerkabel transparent 2,5 mm\u00c2\u00b2 &#8211; 10 m<\/a>.<\/p>\n","protected":false},"excerpt":{"rendered":"<p>Caliber h\u00f8jttalerkabel. 75 m, 2 x 2,5 kvmm, 20 x 7 x 0,15 mm., Caliber H\u00f8jtalerkabel transparent 2,5 mm\u00c2\u00b2 &#8211; 10 m.<\/p>\n","protected":false},"featured_media":6338,"comment_status":"closed","ping_status":"open","template":"","meta":{"_kad_post_transparent":"","_kad_post_title":"","_kad_post_layout":"","_kad_post_sidebar_id":"","_kad_post_content_style":"","_kad_post_vertical_padding":"","_kad_post_feature":"","_kad_post_feature_position":"","_kad_post_header":false,"_kad_post_footer":false},"product_cat":[3162,3182],"product_tag":[3164,2988,3183],"brand":[],"class_list":{"0":"post-6337","1":"product","2":"type-product","3":"status-publish","4":"has-post-thumbnail","6":"product_cat-bilstereo","7":"product_cat-monteringsdele","8":"product_tag-bilstereo","9":"product_tag-los","10":"product_tag-monteringsdele","12":"first","13":"instock","14":"product-type-external","15":"entry","16":"content-bg","17":"loop-entry"},"_links":{"self":[{"href":"https:\/\/bilshopping.dk\/index.php?rest_route=\/wp\/v2\/product\/6337","targetHints":{"allow":["GET"]}}],"collection":[{"href":"https:\/\/bilshopping.dk\/index.php?rest_route=\/wp\/v2\/product"}],"about":[{"href":"https:\/\/bilshopping.dk\/index.php?rest_route=\/wp\/v2\/types\/product"}],"replies":[{"embeddable":true,"href":"https:\/\/bilshopping.dk\/index.php?rest_route=%2Fwp%2Fv2%2Fcomments&post=6337"}],"wp:featuredmedia":[{"embeddable":true,"href":"https:\/\/bilshopping.dk\/index.php?rest_route=\/wp\/v2\/media\/6338"}],"wp:attachment":[{"href":"https:\/\/bilshopping.dk\/index.php?rest_route=%2Fwp%2Fv2%2Fmedia&parent=6337"}],"wp:term":[{"taxonomy":"product_cat","embeddable":true,"href":"https:\/\/bilshopping.dk\/index.php?rest_route=%2Fwp%2Fv2%2Fproduct_cat&post=6337"},{"taxonomy":"product_tag","embeddable":true,"href":"https:\/\/bilshopping.dk\/index.php?rest_route=%2Fwp%2Fv2%2Fproduct_tag&post=6337"},{"taxonomy":"brand","embeddable":true,"href":"https:\/\/bilshopping.dk\/index.php?rest_route=%2Fwp%2Fv2%2Fbrand&post=6337"}],"curies":[{"name":"wp","href":"https:\/\/api.w.org\/{rel}","templated":true}]}}