{"id":6353,"date":"2023-06-23T19:23:04","date_gmt":"2023-06-23T17:23:04","guid":{"rendered":"https:\/\/bilshopping.dk\/produkt\/jvc-kv-mr9010-9-loftskaerm-tft-lcd\/"},"modified":"2023-06-23T19:23:20","modified_gmt":"2023-06-23T17:23:20","slug":"jvc-kv-mr9010-9-loftskaerm-tft-lcd","status":"publish","type":"product","link":"https:\/\/bilshopping.dk\/?product=jvc-kv-mr9010-9-loftskaerm-tft-lcd","title":{"rendered":"JVC KV-MR9010 9&#8243; loftsk\u00e6rm TFT-LCD"},"content":{"rendered":"<p>Produktid er <strong>2404<\/strong> og <strong><\/strong><\/p>\n<h2>Anmeldelse af JVC KV-MR9010 9&#8243; loftsk\u00e6rm TFT-LCD<\/h2>\n<p>Se om vi har en <a href=\"https:\/\/bilshopping.dk\/592\">anmeldelse af JVC KV-MR9010 9&#8243; loftsk\u00e6rm TFT-LCD<\/a>.<\/p>\n","protected":false},"excerpt":{"rendered":"<p>JVC KV-MR9010 loftsk\u00e6rm har en 9&#8243; high-resolution LCD sk\u00e6rm, som giver et krystalklart billede med en fantastisk farve dybde og kontrast., JVC KV-MR9010 9&#8243; loftsk\u00e6rm TFT-LCD.<\/p>\n","protected":false},"featured_media":6354,"comment_status":"closed","ping_status":"open","template":"","meta":{"_kad_post_transparent":"","_kad_post_title":"","_kad_post_layout":"","_kad_post_sidebar_id":"","_kad_post_content_style":"","_kad_post_vertical_padding":"","_kad_post_feature":"","_kad_post_feature_position":"","_kad_post_header":false,"_kad_post_footer":false},"product_cat":[3162,3167,3166],"product_tag":[3164,3169,2988,3168],"brand":[],"class_list":{"0":"post-6353","1":"product","2":"type-product","3":"status-publish","4":"has-post-thumbnail","6":"product_cat-bilstereo","7":"product_cat-loftskaerme","8":"product_cat-multimedie","9":"product_tag-bilstereo","10":"product_tag-loftskaerme","11":"product_tag-los","12":"product_tag-multimedie","14":"first","15":"instock","16":"sale","17":"product-type-external","18":"entry","19":"content-bg","20":"loop-entry"},"_links":{"self":[{"href":"https:\/\/bilshopping.dk\/index.php?rest_route=\/wp\/v2\/product\/6353","targetHints":{"allow":["GET"]}}],"collection":[{"href":"https:\/\/bilshopping.dk\/index.php?rest_route=\/wp\/v2\/product"}],"about":[{"href":"https:\/\/bilshopping.dk\/index.php?rest_route=\/wp\/v2\/types\/product"}],"replies":[{"embeddable":true,"href":"https:\/\/bilshopping.dk\/index.php?rest_route=%2Fwp%2Fv2%2Fcomments&post=6353"}],"wp:featuredmedia":[{"embeddable":true,"href":"https:\/\/bilshopping.dk\/index.php?rest_route=\/wp\/v2\/media\/6354"}],"wp:attachment":[{"href":"https:\/\/bilshopping.dk\/index.php?rest_route=%2Fwp%2Fv2%2Fmedia&parent=6353"}],"wp:term":[{"taxonomy":"product_cat","embeddable":true,"href":"https:\/\/bilshopping.dk\/index.php?rest_route=%2Fwp%2Fv2%2Fproduct_cat&post=6353"},{"taxonomy":"product_tag","embeddable":true,"href":"https:\/\/bilshopping.dk\/index.php?rest_route=%2Fwp%2Fv2%2Fproduct_tag&post=6353"},{"taxonomy":"brand","embeddable":true,"href":"https:\/\/bilshopping.dk\/index.php?rest_route=%2Fwp%2Fv2%2Fbrand&post=6353"}],"curies":[{"name":"wp","href":"https:\/\/api.w.org\/{rel}","templated":true}]}}