{"id":6461,"date":"2023-06-23T19:25:18","date_gmt":"2023-06-23T17:25:18","guid":{"rendered":"https:\/\/bilshopping.dk\/produkt\/jvc-fjernbetjening-rm-rk258\/"},"modified":"2023-06-23T19:25:25","modified_gmt":"2023-06-23T17:25:25","slug":"jvc-fjernbetjening-rm-rk258","status":"publish","type":"product","link":"https:\/\/bilshopping.dk\/?product=jvc-fjernbetjening-rm-rk258","title":{"rendered":"JVC fjernbetjening RM-RK258"},"content":{"rendered":"<p>Produktid er <strong>2460<\/strong> og <strong>5709255204847<\/strong><\/p>\n<h2>Anmeldelse af JVC fjernbetjening RM-RK258<\/h2>\n<p>Se om vi har en <a href=\"https:\/\/bilshopping.dk\/592\">anmeldelse af JVC fjernbetjening RM-RK258<\/a>.<\/p>\n","protected":false},"excerpt":{"rendered":"<p>Tr\u00e5dl\u00f8s fjernbetjening til JVC enheder\u00c2\u00a0, JVC fjernbetjening RM-RK258.<\/p>\n","protected":false},"featured_media":6462,"comment_status":"closed","ping_status":"open","template":"","meta":{"_kad_post_transparent":"","_kad_post_title":"","_kad_post_layout":"","_kad_post_sidebar_id":"","_kad_post_content_style":"","_kad_post_vertical_padding":"","_kad_post_feature":"","_kad_post_feature_position":"","_kad_post_header":false,"_kad_post_footer":false},"product_cat":[3162,3262],"product_tag":[3164,3263,2988],"brand":[],"class_list":{"0":"post-6461","1":"product","2":"type-product","3":"status-publish","4":"has-post-thumbnail","6":"product_cat-bilstereo","7":"product_cat-diverse-tilbehoer","8":"product_tag-bilstereo","9":"product_tag-diverse-tilbehoer","10":"product_tag-los","12":"first","13":"instock","14":"product-type-external","15":"entry","16":"content-bg","17":"loop-entry"},"_links":{"self":[{"href":"https:\/\/bilshopping.dk\/index.php?rest_route=\/wp\/v2\/product\/6461","targetHints":{"allow":["GET"]}}],"collection":[{"href":"https:\/\/bilshopping.dk\/index.php?rest_route=\/wp\/v2\/product"}],"about":[{"href":"https:\/\/bilshopping.dk\/index.php?rest_route=\/wp\/v2\/types\/product"}],"replies":[{"embeddable":true,"href":"https:\/\/bilshopping.dk\/index.php?rest_route=%2Fwp%2Fv2%2Fcomments&post=6461"}],"wp:featuredmedia":[{"embeddable":true,"href":"https:\/\/bilshopping.dk\/index.php?rest_route=\/wp\/v2\/media\/6462"}],"wp:attachment":[{"href":"https:\/\/bilshopping.dk\/index.php?rest_route=%2Fwp%2Fv2%2Fmedia&parent=6461"}],"wp:term":[{"taxonomy":"product_cat","embeddable":true,"href":"https:\/\/bilshopping.dk\/index.php?rest_route=%2Fwp%2Fv2%2Fproduct_cat&post=6461"},{"taxonomy":"product_tag","embeddable":true,"href":"https:\/\/bilshopping.dk\/index.php?rest_route=%2Fwp%2Fv2%2Fproduct_tag&post=6461"},{"taxonomy":"brand","embeddable":true,"href":"https:\/\/bilshopping.dk\/index.php?rest_route=%2Fwp%2Fv2%2Fbrand&post=6461"}],"curies":[{"name":"wp","href":"https:\/\/api.w.org\/{rel}","templated":true}]}}