{"id":6577,"date":"2023-06-23T19:28:24","date_gmt":"2023-06-23T17:28:24","guid":{"rendered":"https:\/\/bilshopping.dk\/produkt\/rockford-fosgate-power-t400x4-ad-forstaerker-4-kanals\/"},"modified":"2023-06-23T19:28:37","modified_gmt":"2023-06-23T17:28:37","slug":"rockford-fosgate-power-t400x4-ad-forstaerker-4-kanals","status":"publish","type":"product","link":"https:\/\/bilshopping.dk\/?product=rockford-fosgate-power-t400x4-ad-forstaerker-4-kanals","title":{"rendered":"Rockford Fosgate Power T400X4 AD forst\u00e6rker, 4-kanals"},"content":{"rendered":"<p>Produktid er <strong>2531<\/strong> og <strong>780687342388<\/strong><\/p>\n<h2>Anmeldelse af Rockford Fosgate Power T400X4 AD forst\u00e6rker, 4-kanals<\/h2>\n<p>Se om vi har en <a href=\"https:\/\/bilshopping.dk\/592\">anmeldelse af Rockford Fosgate Power T400X4 AD forst\u00e6rker, 4-kanals<\/a>.<\/p>\n","protected":false},"excerpt":{"rendered":"<p>De nye POWER MICRO modeller er ultra kompakte, h\u00f8j effektive forst\u00e6rkere. De har multi-impedans Konstant Power og dual bl\u00e6ser tvunget induktions k\u00f8ling, som altid holder forst\u00e6rkeren k\u00f8lig. P\u00e5 grund af dens lille st\u00f8rrelse, er den perfekt til hybrid biler, Rockford Fosgate Power T400X4 AD forst\u00e6rker, 4-kanals.<\/p>\n","protected":false},"featured_media":6578,"comment_status":"closed","ping_status":"open","template":"","meta":{"_kad_post_transparent":"","_kad_post_title":"","_kad_post_layout":"","_kad_post_sidebar_id":"","_kad_post_content_style":"","_kad_post_vertical_padding":"","_kad_post_feature":"","_kad_post_feature_position":"","_kad_post_header":false,"_kad_post_footer":false},"product_cat":[3162,3176],"product_tag":[3164,3177,2988],"brand":[],"class_list":{"0":"post-6577","1":"product","2":"type-product","3":"status-publish","4":"has-post-thumbnail","6":"product_cat-bilstereo","7":"product_cat-forstaerkere","8":"product_tag-bilstereo","9":"product_tag-forstaerkere","10":"product_tag-los","12":"first","13":"instock","14":"sale","15":"product-type-external","16":"entry","17":"content-bg","18":"loop-entry"},"_links":{"self":[{"href":"https:\/\/bilshopping.dk\/index.php?rest_route=\/wp\/v2\/product\/6577","targetHints":{"allow":["GET"]}}],"collection":[{"href":"https:\/\/bilshopping.dk\/index.php?rest_route=\/wp\/v2\/product"}],"about":[{"href":"https:\/\/bilshopping.dk\/index.php?rest_route=\/wp\/v2\/types\/product"}],"replies":[{"embeddable":true,"href":"https:\/\/bilshopping.dk\/index.php?rest_route=%2Fwp%2Fv2%2Fcomments&post=6577"}],"wp:featuredmedia":[{"embeddable":true,"href":"https:\/\/bilshopping.dk\/index.php?rest_route=\/wp\/v2\/media\/6578"}],"wp:attachment":[{"href":"https:\/\/bilshopping.dk\/index.php?rest_route=%2Fwp%2Fv2%2Fmedia&parent=6577"}],"wp:term":[{"taxonomy":"product_cat","embeddable":true,"href":"https:\/\/bilshopping.dk\/index.php?rest_route=%2Fwp%2Fv2%2Fproduct_cat&post=6577"},{"taxonomy":"product_tag","embeddable":true,"href":"https:\/\/bilshopping.dk\/index.php?rest_route=%2Fwp%2Fv2%2Fproduct_tag&post=6577"},{"taxonomy":"brand","embeddable":true,"href":"https:\/\/bilshopping.dk\/index.php?rest_route=%2Fwp%2Fv2%2Fbrand&post=6577"}],"curies":[{"name":"wp","href":"https:\/\/api.w.org\/{rel}","templated":true}]}}