{"id":6617,"date":"2023-06-23T19:28:56","date_gmt":"2023-06-23T17:28:56","guid":{"rendered":"https:\/\/bilshopping.dk\/produkt\/rockford-fosgate-punch-pro-pps4-8-punch-8-hoejtaler\/"},"modified":"2023-06-23T19:29:09","modified_gmt":"2023-06-23T17:29:09","slug":"rockford-fosgate-punch-pro-pps4-8-punch-8-hoejtaler","status":"publish","type":"product","link":"https:\/\/bilshopping.dk\/?product=rockford-fosgate-punch-pro-pps4-8-punch-8-hoejtaler","title":{"rendered":"Rockford Fosgate Punch Pro PPS4-8 Punch 8&#8243; H\u00f8jtaler"},"content":{"rendered":"<p>Produktid er <strong>2560<\/strong> og <strong>780687340469<\/strong><\/p>\n<h2>Anmeldelse af Rockford Fosgate Punch Pro PPS4-8 Punch 8&#8243; H\u00f8jtaler<\/h2>\n<p>Se om vi har en <a href=\"https:\/\/bilshopping.dk\/592\">anmeldelse af Rockford Fosgate Punch Pro PPS4-8 Punch 8&#8243; H\u00f8jtaler<\/a>.<\/p>\n","protected":false},"excerpt":{"rendered":"<p>PUNCH PRO\u00c2\u00a0h\u00f8jtalere er designet til de h\u00f8je\u00c2\u00a0SPL krav\u00c2\u00a0(Sound Pressure Level) og er en meget sensitiv h\u00f8jtaler der kan tage masser af\u00c2\u00a0power.\u00c2\u00a0, Rockford Fosgate Punch Pro PPS4-8 Punch 8&#8243; H\u00f8jtaler.<\/p>\n","protected":false},"featured_media":6618,"comment_status":"closed","ping_status":"open","template":"","meta":{"_kad_post_transparent":"","_kad_post_title":"","_kad_post_layout":"","_kad_post_sidebar_id":"","_kad_post_content_style":"","_kad_post_vertical_padding":"","_kad_post_feature":"","_kad_post_feature_position":"","_kad_post_header":false,"_kad_post_footer":false},"product_cat":[3162,3180],"product_tag":[3164,3181,2988],"brand":[],"class_list":{"0":"post-6617","1":"product","2":"type-product","3":"status-publish","4":"has-post-thumbnail","6":"product_cat-bilstereo","7":"product_cat-hoejttalere","8":"product_tag-bilstereo","9":"product_tag-hoejttalere","10":"product_tag-los","12":"first","13":"instock","14":"sale","15":"product-type-external","16":"entry","17":"content-bg","18":"loop-entry"},"_links":{"self":[{"href":"https:\/\/bilshopping.dk\/index.php?rest_route=\/wp\/v2\/product\/6617","targetHints":{"allow":["GET"]}}],"collection":[{"href":"https:\/\/bilshopping.dk\/index.php?rest_route=\/wp\/v2\/product"}],"about":[{"href":"https:\/\/bilshopping.dk\/index.php?rest_route=\/wp\/v2\/types\/product"}],"replies":[{"embeddable":true,"href":"https:\/\/bilshopping.dk\/index.php?rest_route=%2Fwp%2Fv2%2Fcomments&post=6617"}],"wp:featuredmedia":[{"embeddable":true,"href":"https:\/\/bilshopping.dk\/index.php?rest_route=\/wp\/v2\/media\/6618"}],"wp:attachment":[{"href":"https:\/\/bilshopping.dk\/index.php?rest_route=%2Fwp%2Fv2%2Fmedia&parent=6617"}],"wp:term":[{"taxonomy":"product_cat","embeddable":true,"href":"https:\/\/bilshopping.dk\/index.php?rest_route=%2Fwp%2Fv2%2Fproduct_cat&post=6617"},{"taxonomy":"product_tag","embeddable":true,"href":"https:\/\/bilshopping.dk\/index.php?rest_route=%2Fwp%2Fv2%2Fproduct_tag&post=6617"},{"taxonomy":"brand","embeddable":true,"href":"https:\/\/bilshopping.dk\/index.php?rest_route=%2Fwp%2Fv2%2Fbrand&post=6617"}],"curies":[{"name":"wp","href":"https:\/\/api.w.org\/{rel}","templated":true}]}}