{"id":6671,"date":"2023-06-23T19:29:22","date_gmt":"2023-06-23T17:29:22","guid":{"rendered":"https:\/\/bilshopping.dk\/produkt\/bury-cc9056-plus-bluetooth-carkit\/"},"modified":"2023-06-23T19:29:37","modified_gmt":"2023-06-23T17:29:37","slug":"bury-cc9056-plus-bluetooth-carkit","status":"publish","type":"product","link":"https:\/\/bilshopping.dk\/?product=bury-cc9056-plus-bluetooth-carkit","title":{"rendered":"Bury CC9056 plus Bluetooth Carkit"},"content":{"rendered":"<p>Produktid er <strong>2719<\/strong> og <strong>4023032186739<\/strong><\/p>\n<h2>Anmeldelse af Bury CC9056 plus Bluetooth Carkit<\/h2>\n<p>Se om vi har en <a href=\"https:\/\/bilshopping.dk\/592\">anmeldelse af Bury CC9056 plus Bluetooth Carkit<\/a>.<\/p>\n","protected":false},"excerpt":{"rendered":"<p>Bury CC9056 plus Bluettoth H\u00e5ndfri carkit med musikstreaming, som erstatter de \u00e6ldre nu udg\u00e5et Parrot MKI enheder.<br \/>\nKomplet kit med Plug &#038; play tilslytning og l\u00e6kkert 2.8\u00e2\u0080\u00b3 farve display., Bury CC9056 plus Bluetooth Carkit.<\/p>\n","protected":false},"featured_media":6672,"comment_status":"closed","ping_status":"open","template":"","meta":{"_kad_post_transparent":"","_kad_post_title":"","_kad_post_layout":"","_kad_post_sidebar_id":"","_kad_post_content_style":"","_kad_post_vertical_padding":"","_kad_post_feature":"","_kad_post_feature_position":"","_kad_post_header":false,"_kad_post_footer":false},"product_cat":[3162,3260],"product_tag":[3164,3261,2988],"brand":[],"class_list":{"0":"post-6671","1":"product","2":"type-product","3":"status-publish","4":"has-post-thumbnail","6":"product_cat-bilstereo","7":"product_cat-haandfri-telefoni","8":"product_tag-bilstereo","9":"product_tag-haandfri-telefoni","10":"product_tag-los","12":"first","13":"instock","14":"product-type-external","15":"entry","16":"content-bg","17":"loop-entry"},"_links":{"self":[{"href":"https:\/\/bilshopping.dk\/index.php?rest_route=\/wp\/v2\/product\/6671","targetHints":{"allow":["GET"]}}],"collection":[{"href":"https:\/\/bilshopping.dk\/index.php?rest_route=\/wp\/v2\/product"}],"about":[{"href":"https:\/\/bilshopping.dk\/index.php?rest_route=\/wp\/v2\/types\/product"}],"replies":[{"embeddable":true,"href":"https:\/\/bilshopping.dk\/index.php?rest_route=%2Fwp%2Fv2%2Fcomments&post=6671"}],"wp:featuredmedia":[{"embeddable":true,"href":"https:\/\/bilshopping.dk\/index.php?rest_route=\/wp\/v2\/media\/6672"}],"wp:attachment":[{"href":"https:\/\/bilshopping.dk\/index.php?rest_route=%2Fwp%2Fv2%2Fmedia&parent=6671"}],"wp:term":[{"taxonomy":"product_cat","embeddable":true,"href":"https:\/\/bilshopping.dk\/index.php?rest_route=%2Fwp%2Fv2%2Fproduct_cat&post=6671"},{"taxonomy":"product_tag","embeddable":true,"href":"https:\/\/bilshopping.dk\/index.php?rest_route=%2Fwp%2Fv2%2Fproduct_tag&post=6671"},{"taxonomy":"brand","embeddable":true,"href":"https:\/\/bilshopping.dk\/index.php?rest_route=%2Fwp%2Fv2%2Fbrand&post=6671"}],"curies":[{"name":"wp","href":"https:\/\/api.w.org\/{rel}","templated":true}]}}