{"id":6807,"date":"2023-06-23T19:30:52","date_gmt":"2023-06-23T17:30:52","guid":{"rendered":"https:\/\/bilshopping.dk\/produkt\/connect2-ratinterface-ctsrn00c-til-renault\/"},"modified":"2023-06-23T19:30:52","modified_gmt":"2023-06-23T17:30:52","slug":"connect2-ratinterface-ctsrn00c-til-renault","status":"publish","type":"product","link":"https:\/\/bilshopping.dk\/?product=connect2-ratinterface-ctsrn00c-til-renault","title":{"rendered":"Connect2 Ratinterface CTSRN00C til Renault"},"content":{"rendered":"<p>Produktid er <strong>2812<\/strong> og <strong>5056171527803<\/strong><\/p>\n<h2>Anmeldelse af Connect2 Ratinterface CTSRN00C til Renault<\/h2>\n<p>Se om vi har en <a href=\"https:\/\/bilshopping.dk\/592\">anmeldelse af Connect2 Ratinterface CTSRN00C til Renault<\/a>.<\/p>\n","protected":false},"excerpt":{"rendered":"<p>Interface som er en kombination af CTSRN006.2 og CTSR007.2, som g\u00f8r det muligt at opgradere til en eftermonteret enhed, og samtidig bevare de originale rat funktioner. Interfacet giver dig mulighed for at holde h\u00e6nderne p\u00e5 rattet og \u00f8jnene p\u00e5 vejen, hvilk, Connect2 Ratinterface CTSRN00C til Renault.<\/p>\n","protected":false},"featured_media":6808,"comment_status":"closed","ping_status":"open","template":"","meta":{"_kad_post_transparent":"","_kad_post_title":"","_kad_post_layout":"","_kad_post_sidebar_id":"","_kad_post_content_style":"","_kad_post_vertical_padding":"","_kad_post_feature":"","_kad_post_feature_position":"","_kad_post_header":false,"_kad_post_footer":false},"product_cat":[3162,3172],"product_tag":[3164,2988,3173],"brand":[],"class_list":{"0":"post-6807","1":"product","2":"type-product","3":"status-publish","4":"has-post-thumbnail","6":"product_cat-bilstereo","7":"product_cat-ratstyring","8":"product_tag-bilstereo","9":"product_tag-los","10":"product_tag-ratstyring","12":"first","13":"instock","14":"product-type-external","15":"entry","16":"content-bg","17":"loop-entry"},"_links":{"self":[{"href":"https:\/\/bilshopping.dk\/index.php?rest_route=\/wp\/v2\/product\/6807","targetHints":{"allow":["GET"]}}],"collection":[{"href":"https:\/\/bilshopping.dk\/index.php?rest_route=\/wp\/v2\/product"}],"about":[{"href":"https:\/\/bilshopping.dk\/index.php?rest_route=\/wp\/v2\/types\/product"}],"replies":[{"embeddable":true,"href":"https:\/\/bilshopping.dk\/index.php?rest_route=%2Fwp%2Fv2%2Fcomments&post=6807"}],"wp:featuredmedia":[{"embeddable":true,"href":"https:\/\/bilshopping.dk\/index.php?rest_route=\/wp\/v2\/media\/6808"}],"wp:attachment":[{"href":"https:\/\/bilshopping.dk\/index.php?rest_route=%2Fwp%2Fv2%2Fmedia&parent=6807"}],"wp:term":[{"taxonomy":"product_cat","embeddable":true,"href":"https:\/\/bilshopping.dk\/index.php?rest_route=%2Fwp%2Fv2%2Fproduct_cat&post=6807"},{"taxonomy":"product_tag","embeddable":true,"href":"https:\/\/bilshopping.dk\/index.php?rest_route=%2Fwp%2Fv2%2Fproduct_tag&post=6807"},{"taxonomy":"brand","embeddable":true,"href":"https:\/\/bilshopping.dk\/index.php?rest_route=%2Fwp%2Fv2%2Fbrand&post=6807"}],"curies":[{"name":"wp","href":"https:\/\/api.w.org\/{rel}","templated":true}]}}