{"id":6898,"date":"2023-06-23T19:31:51","date_gmt":"2023-06-23T17:31:51","guid":{"rendered":"https:\/\/bilshopping.dk\/produkt\/thule-710410-fodsaet-evo-til-raeling\/"},"modified":"2023-06-23T19:32:12","modified_gmt":"2023-06-23T17:32:12","slug":"thule-710410-fodsaet-evo-til-raeling","status":"publish","type":"product","link":"https:\/\/bilshopping.dk\/?product=thule-710410-fodsaet-evo-til-raeling","title":{"rendered":"Thule 710410 Fods\u00e6t EVO til r\u00e6ling"},"content":{"rendered":"<p>Produktid er <strong>2872<\/strong> og <strong>091021314030<\/strong><\/p>\n<h2>Anmeldelse af Thule 710410 Fods\u00e6t EVO til r\u00e6ling<\/h2>\n<p>Se om vi har en <a href=\"https:\/\/bilshopping.dk\/592\">anmeldelse af Thule 710410 Fods\u00e6t EVO til r\u00e6ling<\/a>.<\/p>\n","protected":false},"excerpt":{"rendered":"<p>En pakke p\u00e5 4 let monterbare f\u00f8dder til Thule Evo tagb\u00f8jlesystem til k\u00f8ret\u00f8jer med h\u00e6vede r\u00e6linger.<br \/>\n\tTil h\u00e6vede r\u00e6linger<br \/>\n\tNem-at-installere fod til tagholder<br \/>\n\tTil Thule Evo tagr\u00e6lings-systemer, Thule 710410 Fods\u00e6t EVO til r\u00e6ling.<\/p>\n","protected":false},"featured_media":6899,"comment_status":"closed","ping_status":"open","template":"","meta":{"_kad_post_transparent":"","_kad_post_title":"","_kad_post_layout":"","_kad_post_sidebar_id":"","_kad_post_content_style":"","_kad_post_vertical_padding":"","_kad_post_feature":"","_kad_post_feature_position":"","_kad_post_header":false,"_kad_post_footer":false},"product_cat":[3239,3184],"product_tag":[2988,3240,3186],"brand":[],"class_list":{"0":"post-6898","1":"product","2":"type-product","3":"status-publish","4":"has-post-thumbnail","6":"product_cat-tagboejler","7":"product_cat-transportudstyr","8":"product_tag-los","9":"product_tag-tagboejler","10":"product_tag-transportudstyr","12":"first","13":"instock","14":"product-type-external","15":"entry","16":"content-bg","17":"loop-entry"},"_links":{"self":[{"href":"https:\/\/bilshopping.dk\/index.php?rest_route=\/wp\/v2\/product\/6898","targetHints":{"allow":["GET"]}}],"collection":[{"href":"https:\/\/bilshopping.dk\/index.php?rest_route=\/wp\/v2\/product"}],"about":[{"href":"https:\/\/bilshopping.dk\/index.php?rest_route=\/wp\/v2\/types\/product"}],"replies":[{"embeddable":true,"href":"https:\/\/bilshopping.dk\/index.php?rest_route=%2Fwp%2Fv2%2Fcomments&post=6898"}],"wp:featuredmedia":[{"embeddable":true,"href":"https:\/\/bilshopping.dk\/index.php?rest_route=\/wp\/v2\/media\/6899"}],"wp:attachment":[{"href":"https:\/\/bilshopping.dk\/index.php?rest_route=%2Fwp%2Fv2%2Fmedia&parent=6898"}],"wp:term":[{"taxonomy":"product_cat","embeddable":true,"href":"https:\/\/bilshopping.dk\/index.php?rest_route=%2Fwp%2Fv2%2Fproduct_cat&post=6898"},{"taxonomy":"product_tag","embeddable":true,"href":"https:\/\/bilshopping.dk\/index.php?rest_route=%2Fwp%2Fv2%2Fproduct_tag&post=6898"},{"taxonomy":"brand","embeddable":true,"href":"https:\/\/bilshopping.dk\/index.php?rest_route=%2Fwp%2Fv2%2Fbrand&post=6898"}],"curies":[{"name":"wp","href":"https:\/\/api.w.org\/{rel}","templated":true}]}}