{"id":6915,"date":"2023-06-23T19:32:15","date_gmt":"2023-06-23T17:32:15","guid":{"rendered":"https:\/\/bilshopping.dk\/produkt\/dunlop-vaerkstedsdonkraft-2000-kg\/"},"modified":"2023-06-23T19:32:25","modified_gmt":"2023-06-23T17:32:25","slug":"dunlop-vaerkstedsdonkraft-2000-kg","status":"publish","type":"product","link":"https:\/\/bilshopping.dk\/?product=dunlop-vaerkstedsdonkraft-2000-kg","title":{"rendered":"Dunlop V\u00e6rkstedsdonkraft 2000 kg"},"content":{"rendered":"<p>Produktid er <strong>2883<\/strong> og <strong>8711252417912<\/strong><\/p>\n<h2>Anmeldelse af Dunlop V\u00e6rkstedsdonkraft 2000 kg<\/h2>\n<p>Se om vi har en <a href=\"https:\/\/bilshopping.dk\/592\">anmeldelse af Dunlop V\u00e6rkstedsdonkraft 2000 kg<\/a>.<\/p>\n","protected":false},"excerpt":{"rendered":"<p>Hydraulisk donkraft til l\u00f8ft af bil og andre k\u00f8ret\u00f8jer, maksimal belastning 2 Tons.<br \/>\nTekniske specifikationer:<br \/>\n\tL\u00f8fteh\u00f8jde: 135-305 mm<br \/>\n\tV\u00e6gt: 9 kg<br \/>\n\t150 x 210 x 445 mm, Dunlop V\u00e6rkstedsdonkraft 2000 kg.<\/p>\n","protected":false},"featured_media":6916,"comment_status":"closed","ping_status":"open","template":"","meta":{"_kad_post_transparent":"","_kad_post_title":"","_kad_post_layout":"","_kad_post_sidebar_id":"","_kad_post_content_style":"","_kad_post_vertical_padding":"","_kad_post_feature":"","_kad_post_feature_position":"","_kad_post_header":false,"_kad_post_footer":false},"product_cat":[3243],"product_tag":[2988,3244],"brand":[],"class_list":{"0":"post-6915","1":"product","2":"type-product","3":"status-publish","4":"has-post-thumbnail","6":"product_cat-vaerktoej","7":"product_tag-los","8":"product_tag-vaerktoej","10":"first","11":"instock","12":"product-type-external","13":"entry","14":"content-bg","15":"loop-entry"},"_links":{"self":[{"href":"https:\/\/bilshopping.dk\/index.php?rest_route=\/wp\/v2\/product\/6915","targetHints":{"allow":["GET"]}}],"collection":[{"href":"https:\/\/bilshopping.dk\/index.php?rest_route=\/wp\/v2\/product"}],"about":[{"href":"https:\/\/bilshopping.dk\/index.php?rest_route=\/wp\/v2\/types\/product"}],"replies":[{"embeddable":true,"href":"https:\/\/bilshopping.dk\/index.php?rest_route=%2Fwp%2Fv2%2Fcomments&post=6915"}],"wp:featuredmedia":[{"embeddable":true,"href":"https:\/\/bilshopping.dk\/index.php?rest_route=\/wp\/v2\/media\/6916"}],"wp:attachment":[{"href":"https:\/\/bilshopping.dk\/index.php?rest_route=%2Fwp%2Fv2%2Fmedia&parent=6915"}],"wp:term":[{"taxonomy":"product_cat","embeddable":true,"href":"https:\/\/bilshopping.dk\/index.php?rest_route=%2Fwp%2Fv2%2Fproduct_cat&post=6915"},{"taxonomy":"product_tag","embeddable":true,"href":"https:\/\/bilshopping.dk\/index.php?rest_route=%2Fwp%2Fv2%2Fproduct_tag&post=6915"},{"taxonomy":"brand","embeddable":true,"href":"https:\/\/bilshopping.dk\/index.php?rest_route=%2Fwp%2Fv2%2Fbrand&post=6915"}],"curies":[{"name":"wp","href":"https:\/\/api.w.org\/{rel}","templated":true}]}}