{"id":7103,"date":"2023-06-23T19:37:13","date_gmt":"2023-06-23T17:37:13","guid":{"rendered":"https:\/\/bilshopping.dk\/produkt\/acv-afmonteringsvaerktoej-27-dele\/"},"modified":"2023-06-23T19:37:14","modified_gmt":"2023-06-23T17:37:14","slug":"acv-afmonteringsvaerktoej-27-dele","status":"publish","type":"product","link":"https:\/\/bilshopping.dk\/?product=acv-afmonteringsvaerktoej-27-dele","title":{"rendered":"ACV Afmonteringsv\u00e6rkt\u00f8j &#8211; 27 dele"},"content":{"rendered":"<p>Produktid er <strong>2974<\/strong> og <strong>4026724218084<\/strong><\/p>\n<h2>Anmeldelse af ACV Afmonteringsv\u00e6rkt\u00f8j &#8211; 27 dele<\/h2>\n<p>Se om vi har en <a href=\"https:\/\/bilshopping.dk\/592\">anmeldelse af ACV Afmonteringsv\u00e6rkt\u00f8j &#8211; 27 dele<\/a>.<\/p>\n","protected":false},"excerpt":{"rendered":"<p>Perfekt til afmontering af bilstereo, radiorammer, lofter i bilen, paneler og mange andre ting. Udformet i plastik, der g\u00f8r det let at afmontere interi\u00f8r i din bil uden af give skrammer, ridser og m\u00e6rker.<br \/>\n\tMateriale: Slagfast nylon<br \/>\n\tL\u00e6ngde: 160 mm &#8211; 200 m, ACV Afmonteringsv\u00e6rkt\u00f8j &#8211; 27 dele.<\/p>\n","protected":false},"featured_media":7104,"comment_status":"closed","ping_status":"open","template":"","meta":{"_kad_post_transparent":"","_kad_post_title":"","_kad_post_layout":"","_kad_post_sidebar_id":"","_kad_post_content_style":"","_kad_post_vertical_padding":"","_kad_post_feature":"","_kad_post_feature_position":"","_kad_post_header":false,"_kad_post_footer":false},"product_cat":[3162,3262],"product_tag":[3164,3263,2988],"brand":[],"class_list":{"0":"post-7103","1":"product","2":"type-product","3":"status-publish","4":"has-post-thumbnail","6":"product_cat-bilstereo","7":"product_cat-diverse-tilbehoer","8":"product_tag-bilstereo","9":"product_tag-diverse-tilbehoer","10":"product_tag-los","12":"first","13":"instock","14":"product-type-external","15":"entry","16":"content-bg","17":"loop-entry"},"_links":{"self":[{"href":"https:\/\/bilshopping.dk\/index.php?rest_route=\/wp\/v2\/product\/7103","targetHints":{"allow":["GET"]}}],"collection":[{"href":"https:\/\/bilshopping.dk\/index.php?rest_route=\/wp\/v2\/product"}],"about":[{"href":"https:\/\/bilshopping.dk\/index.php?rest_route=\/wp\/v2\/types\/product"}],"replies":[{"embeddable":true,"href":"https:\/\/bilshopping.dk\/index.php?rest_route=%2Fwp%2Fv2%2Fcomments&post=7103"}],"wp:featuredmedia":[{"embeddable":true,"href":"https:\/\/bilshopping.dk\/index.php?rest_route=\/wp\/v2\/media\/7104"}],"wp:attachment":[{"href":"https:\/\/bilshopping.dk\/index.php?rest_route=%2Fwp%2Fv2%2Fmedia&parent=7103"}],"wp:term":[{"taxonomy":"product_cat","embeddable":true,"href":"https:\/\/bilshopping.dk\/index.php?rest_route=%2Fwp%2Fv2%2Fproduct_cat&post=7103"},{"taxonomy":"product_tag","embeddable":true,"href":"https:\/\/bilshopping.dk\/index.php?rest_route=%2Fwp%2Fv2%2Fproduct_tag&post=7103"},{"taxonomy":"brand","embeddable":true,"href":"https:\/\/bilshopping.dk\/index.php?rest_route=%2Fwp%2Fv2%2Fbrand&post=7103"}],"curies":[{"name":"wp","href":"https:\/\/api.w.org\/{rel}","templated":true}]}}