{"id":7161,"date":"2023-06-23T19:37:27","date_gmt":"2023-06-23T17:37:27","guid":{"rendered":"https:\/\/bilshopping.dk\/produkt\/thule-xpress-cykelholder-inkl-lygtebom-saet\/"},"modified":"2023-06-23T19:37:38","modified_gmt":"2023-06-23T17:37:38","slug":"thule-xpress-cykelholder-inkl-lygtebom-saet","status":"publish","type":"product","link":"https:\/\/bilshopping.dk\/?product=thule-xpress-cykelholder-inkl-lygtebom-saet","title":{"rendered":"Thule Xpress cykelholder inkl. lygtebom &#8211; s\u00e6t"},"content":{"rendered":"<p>Produktid er <strong>3005<\/strong> og <strong>5709255223794<\/strong><\/p>\n<h2>Anmeldelse af Thule Xpress cykelholder inkl. lygtebom &#8211; s\u00e6t<\/h2>\n<p>Se om vi har en <a href=\"https:\/\/bilshopping.dk\/592\">anmeldelse af Thule Xpress cykelholder inkl. lygtebom &#8211; s\u00e6t<\/a>.<\/p>\n","protected":false},"excerpt":{"rendered":"<p>Tr\u00e6kmonteret cykelholder der let at have i bagagerummet og hurtig at montere. Passer til 2 cykler. Cyklerne fastg\u00f8res til cykelholderen med bl\u00f8de gummiremme.<br \/>\nDesuden medf\u00f8lger lovpligtig lygtebom med plads til den tredje nummerplade. Lygtebommen leveres k, Thule Xpress cykelholder inkl. lygtebom &#8211; s\u00e6t.<\/p>\n","protected":false},"featured_media":7162,"comment_status":"closed","ping_status":"open","template":"","meta":{"_kad_post_transparent":"","_kad_post_title":"","_kad_post_layout":"","_kad_post_sidebar_id":"","_kad_post_content_style":"","_kad_post_vertical_padding":"","_kad_post_feature":"","_kad_post_feature_position":"","_kad_post_header":false,"_kad_post_footer":false},"product_cat":[3185,3184],"product_tag":[3187,2988,3186],"brand":[],"class_list":{"0":"post-7161","1":"product","2":"type-product","3":"status-publish","4":"has-post-thumbnail","6":"product_cat-cykelholder","7":"product_cat-transportudstyr","8":"product_tag-cykelholder","9":"product_tag-los","10":"product_tag-transportudstyr","12":"first","13":"instock","14":"product-type-external","15":"entry","16":"content-bg","17":"loop-entry"},"_links":{"self":[{"href":"https:\/\/bilshopping.dk\/index.php?rest_route=\/wp\/v2\/product\/7161","targetHints":{"allow":["GET"]}}],"collection":[{"href":"https:\/\/bilshopping.dk\/index.php?rest_route=\/wp\/v2\/product"}],"about":[{"href":"https:\/\/bilshopping.dk\/index.php?rest_route=\/wp\/v2\/types\/product"}],"replies":[{"embeddable":true,"href":"https:\/\/bilshopping.dk\/index.php?rest_route=%2Fwp%2Fv2%2Fcomments&post=7161"}],"wp:featuredmedia":[{"embeddable":true,"href":"https:\/\/bilshopping.dk\/index.php?rest_route=\/wp\/v2\/media\/7162"}],"wp:attachment":[{"href":"https:\/\/bilshopping.dk\/index.php?rest_route=%2Fwp%2Fv2%2Fmedia&parent=7161"}],"wp:term":[{"taxonomy":"product_cat","embeddable":true,"href":"https:\/\/bilshopping.dk\/index.php?rest_route=%2Fwp%2Fv2%2Fproduct_cat&post=7161"},{"taxonomy":"product_tag","embeddable":true,"href":"https:\/\/bilshopping.dk\/index.php?rest_route=%2Fwp%2Fv2%2Fproduct_tag&post=7161"},{"taxonomy":"brand","embeddable":true,"href":"https:\/\/bilshopping.dk\/index.php?rest_route=%2Fwp%2Fv2%2Fbrand&post=7161"}],"curies":[{"name":"wp","href":"https:\/\/api.w.org\/{rel}","templated":true}]}}