{"id":7277,"date":"2023-06-23T19:39:02","date_gmt":"2023-06-23T17:39:02","guid":{"rendered":"https:\/\/bilshopping.dk\/produkt\/alpine-ine-f904dc-halo9-med-navigation-og-truck-kort\/"},"modified":"2023-06-23T19:39:10","modified_gmt":"2023-06-23T17:39:10","slug":"alpine-ine-f904dc-halo9-med-navigation-og-truck-kort","status":"publish","type":"product","link":"https:\/\/bilshopping.dk\/?product=alpine-ine-f904dc-halo9-med-navigation-og-truck-kort","title":{"rendered":"Alpine INE-F904DC Halo9 med navigation og truck kort"},"content":{"rendered":"<p>Produktid er <strong>3067<\/strong> og <strong>4958043824335<\/strong><\/p>\n<h2>Anmeldelse af Alpine INE-F904DC Halo9 med navigation og truck kort<\/h2>\n<p>Se om vi har en <a href=\"https:\/\/bilshopping.dk\/592\">anmeldelse af Alpine INE-F904DC Halo9 med navigation og truck kort<\/a>.<\/p>\n","protected":false},"excerpt":{"rendered":"<p>9&#8243; Truck og Camper Navigationssystem til montering i biler forberedt for 1Din bilradioer.\u00c2\u00a0<br \/>\n1-DIN campernavigationsradio med k\u00e6mpe sk\u00e6rm &#8211; storebror til Alpines popul\u00e6re Halo9 er her endelig!<br \/>\nMed samme funktioner som lillebror, er Halo9 blevet opgraderet, Alpine INE-F904DC Halo9 med navigation og truck kort.<\/p>\n","protected":false},"featured_media":7278,"comment_status":"closed","ping_status":"open","template":"","meta":{"_kad_post_transparent":"","_kad_post_title":"","_kad_post_layout":"","_kad_post_sidebar_id":"","_kad_post_content_style":"","_kad_post_vertical_padding":"","_kad_post_feature":"","_kad_post_feature_position":"","_kad_post_header":false,"_kad_post_footer":false},"product_cat":[3162,3189],"product_tag":[3164,2988,3190],"brand":[],"class_list":{"0":"post-7277","1":"product","2":"type-product","3":"status-publish","4":"has-post-thumbnail","6":"product_cat-bilstereo","7":"product_cat-navigation-til-bil","8":"product_tag-bilstereo","9":"product_tag-los","10":"product_tag-navigation-til-bil","12":"first","13":"instock","14":"sale","15":"product-type-external","16":"entry","17":"content-bg","18":"loop-entry"},"_links":{"self":[{"href":"https:\/\/bilshopping.dk\/index.php?rest_route=\/wp\/v2\/product\/7277","targetHints":{"allow":["GET"]}}],"collection":[{"href":"https:\/\/bilshopping.dk\/index.php?rest_route=\/wp\/v2\/product"}],"about":[{"href":"https:\/\/bilshopping.dk\/index.php?rest_route=\/wp\/v2\/types\/product"}],"replies":[{"embeddable":true,"href":"https:\/\/bilshopping.dk\/index.php?rest_route=%2Fwp%2Fv2%2Fcomments&post=7277"}],"wp:featuredmedia":[{"embeddable":true,"href":"https:\/\/bilshopping.dk\/index.php?rest_route=\/wp\/v2\/media\/7278"}],"wp:attachment":[{"href":"https:\/\/bilshopping.dk\/index.php?rest_route=%2Fwp%2Fv2%2Fmedia&parent=7277"}],"wp:term":[{"taxonomy":"product_cat","embeddable":true,"href":"https:\/\/bilshopping.dk\/index.php?rest_route=%2Fwp%2Fv2%2Fproduct_cat&post=7277"},{"taxonomy":"product_tag","embeddable":true,"href":"https:\/\/bilshopping.dk\/index.php?rest_route=%2Fwp%2Fv2%2Fproduct_tag&post=7277"},{"taxonomy":"brand","embeddable":true,"href":"https:\/\/bilshopping.dk\/index.php?rest_route=%2Fwp%2Fv2%2Fbrand&post=7277"}],"curies":[{"name":"wp","href":"https:\/\/api.w.org\/{rel}","templated":true}]}}