{"id":7315,"date":"2023-06-23T19:39:24","date_gmt":"2023-06-23T17:39:24","guid":{"rendered":"https:\/\/bilshopping.dk\/produkt\/thor-soundbooster-med-1-hoejtaler-booster\/"},"modified":"2023-06-23T19:39:32","modified_gmt":"2023-06-23T17:39:32","slug":"thor-soundbooster-med-1-hoejtaler-booster","status":"publish","type":"product","link":"https:\/\/bilshopping.dk\/?product=thor-soundbooster-med-1-hoejtaler-booster","title":{"rendered":"Thor Soundbooster Med 1 h\u00f8jtaler\/booster"},"content":{"rendered":"<p>Produktid er <strong>3087-1666<\/strong> og <strong><\/strong><\/p>\n<h2>Anmeldelse af Thor Soundbooster Med 1 h\u00f8jtaler\/booster<\/h2>\n<p>Se om vi har en <a href=\"https:\/\/bilshopping.dk\/592\">anmeldelse af Thor Soundbooster Med 1 h\u00f8jtaler\/booster<\/a>.<\/p>\n","protected":false},"excerpt":{"rendered":"<p>Med en Thor soundbooster f\u00e5r du en 100% realistisk V8 udst\u00f8dningslyd som er optaget fra \u00e6gte V8 motorer. Systemet er velegnet til enhver elektrisk, hybrid og br\u00e6ndstof moderne bil. Via den smarte mobil app har du mulighed for individuel justering af lydpr, Thor Soundbooster Med 1 h\u00f8jtaler\/booster.<\/p>\n","protected":false},"featured_media":7316,"comment_status":"closed","ping_status":"open","template":"","meta":{"_kad_post_transparent":"","_kad_post_title":"","_kad_post_layout":"","_kad_post_sidebar_id":"","_kad_post_content_style":"","_kad_post_vertical_padding":"","_kad_post_feature":"","_kad_post_feature_position":"","_kad_post_header":false,"_kad_post_footer":false},"product_cat":[3312,3284],"product_tag":[2988,3313,3286],"brand":[],"class_list":{"0":"post-7315","1":"product","2":"type-product","3":"status-publish","4":"has-post-thumbnail","6":"product_cat-soundbooster","7":"product_cat-styling","8":"product_tag-los","9":"product_tag-soundbooster","10":"product_tag-styling","12":"first","13":"instock","14":"sale","15":"product-type-external","16":"entry","17":"content-bg","18":"loop-entry"},"_links":{"self":[{"href":"https:\/\/bilshopping.dk\/index.php?rest_route=\/wp\/v2\/product\/7315","targetHints":{"allow":["GET"]}}],"collection":[{"href":"https:\/\/bilshopping.dk\/index.php?rest_route=\/wp\/v2\/product"}],"about":[{"href":"https:\/\/bilshopping.dk\/index.php?rest_route=\/wp\/v2\/types\/product"}],"replies":[{"embeddable":true,"href":"https:\/\/bilshopping.dk\/index.php?rest_route=%2Fwp%2Fv2%2Fcomments&post=7315"}],"wp:featuredmedia":[{"embeddable":true,"href":"https:\/\/bilshopping.dk\/index.php?rest_route=\/wp\/v2\/media\/7316"}],"wp:attachment":[{"href":"https:\/\/bilshopping.dk\/index.php?rest_route=%2Fwp%2Fv2%2Fmedia&parent=7315"}],"wp:term":[{"taxonomy":"product_cat","embeddable":true,"href":"https:\/\/bilshopping.dk\/index.php?rest_route=%2Fwp%2Fv2%2Fproduct_cat&post=7315"},{"taxonomy":"product_tag","embeddable":true,"href":"https:\/\/bilshopping.dk\/index.php?rest_route=%2Fwp%2Fv2%2Fproduct_tag&post=7315"},{"taxonomy":"brand","embeddable":true,"href":"https:\/\/bilshopping.dk\/index.php?rest_route=%2Fwp%2Fv2%2Fbrand&post=7315"}],"curies":[{"name":"wp","href":"https:\/\/api.w.org\/{rel}","templated":true}]}}