{"id":7355,"date":"2023-06-23T19:40:30","date_gmt":"2023-06-23T17:40:30","guid":{"rendered":"https:\/\/bilshopping.dk\/produkt\/jvc-kv-mh6510-65-skaerm-til-nakkestoette-indbygning\/"},"modified":"2023-06-23T19:41:02","modified_gmt":"2023-06-23T17:41:02","slug":"jvc-kv-mh6510-65-skaerm-til-nakkestoette-indbygning","status":"publish","type":"product","link":"https:\/\/bilshopping.dk\/?product=jvc-kv-mh6510-65-skaerm-til-nakkestoette-indbygning","title":{"rendered":"JVC KV-MH6510 6,5&#8243; Sk\u00e6rm til nakkest\u00f8tte indbygning"},"content":{"rendered":"<p>Produktid er <strong>3110<\/strong> og <strong>4975769303326<\/strong><\/p>\n<h2>Anmeldelse af JVC KV-MH6510 6,5&#8243; Sk\u00e6rm til nakkest\u00f8tte indbygning<\/h2>\n<p>Se om vi har en <a href=\"https:\/\/bilshopping.dk\/592\">anmeldelse af JVC KV-MH6510 6,5&#8243; Sk\u00e6rm til nakkest\u00f8tte indbygning<\/a>.<\/p>\n","protected":false},"excerpt":{"rendered":"<p>JVC sk\u00e6rm til nakkest\u00f8tte hvor vinkel kan justeres vandret og lodret op til 15 grader. 6,5&#8243; Wide-Screen sk\u00e6rmen har en opl\u00f8sning p\u00e5 280.800 pixel og viser h\u00f8jkvalitets billeder. Mulighed for Dual Zone underholdning med tr\u00e5dl\u00f8se hovedtelefoner., JVC KV-MH6510 6,5&#8243; Sk\u00e6rm til nakkest\u00f8tte indbygning.<\/p>\n","protected":false},"featured_media":7356,"comment_status":"closed","ping_status":"open","template":"","meta":{"_kad_post_transparent":"","_kad_post_title":"","_kad_post_layout":"","_kad_post_sidebar_id":"","_kad_post_content_style":"","_kad_post_vertical_padding":"","_kad_post_feature":"","_kad_post_feature_position":"","_kad_post_header":false,"_kad_post_footer":false},"product_cat":[3350,3292],"product_tag":[3164,2988,3294],"brand":[],"class_list":{"0":"post-7355","1":"product","2":"type-product","3":"status-publish","4":"has-post-thumbnail","6":"product_cat-bilstereo-outlet","7":"product_cat-outlet","8":"product_tag-bilstereo","9":"product_tag-los","10":"product_tag-outlet","12":"first","13":"instock","14":"sale","15":"product-type-external","16":"entry","17":"content-bg","18":"loop-entry"},"_links":{"self":[{"href":"https:\/\/bilshopping.dk\/index.php?rest_route=\/wp\/v2\/product\/7355","targetHints":{"allow":["GET"]}}],"collection":[{"href":"https:\/\/bilshopping.dk\/index.php?rest_route=\/wp\/v2\/product"}],"about":[{"href":"https:\/\/bilshopping.dk\/index.php?rest_route=\/wp\/v2\/types\/product"}],"replies":[{"embeddable":true,"href":"https:\/\/bilshopping.dk\/index.php?rest_route=%2Fwp%2Fv2%2Fcomments&post=7355"}],"wp:featuredmedia":[{"embeddable":true,"href":"https:\/\/bilshopping.dk\/index.php?rest_route=\/wp\/v2\/media\/7356"}],"wp:attachment":[{"href":"https:\/\/bilshopping.dk\/index.php?rest_route=%2Fwp%2Fv2%2Fmedia&parent=7355"}],"wp:term":[{"taxonomy":"product_cat","embeddable":true,"href":"https:\/\/bilshopping.dk\/index.php?rest_route=%2Fwp%2Fv2%2Fproduct_cat&post=7355"},{"taxonomy":"product_tag","embeddable":true,"href":"https:\/\/bilshopping.dk\/index.php?rest_route=%2Fwp%2Fv2%2Fproduct_tag&post=7355"},{"taxonomy":"brand","embeddable":true,"href":"https:\/\/bilshopping.dk\/index.php?rest_route=%2Fwp%2Fv2%2Fbrand&post=7355"}],"curies":[{"name":"wp","href":"https:\/\/api.w.org\/{rel}","templated":true}]}}