{"id":7372,"date":"2023-06-23T19:41:33","date_gmt":"2023-06-23T17:41:33","guid":{"rendered":"https:\/\/bilshopping.dk\/produkt\/philips-racingvision-h7-gt200-1-stk\/"},"modified":"2023-06-23T19:41:34","modified_gmt":"2023-06-23T17:41:34","slug":"philips-racingvision-h7-gt200-1-stk","status":"publish","type":"product","link":"https:\/\/bilshopping.dk\/?product=philips-racingvision-h7-gt200-1-stk","title":{"rendered":"Philips RacingVision H7 GT200 &#8211; 1 stk."},"content":{"rendered":"<p>Produktid er <strong>3123<\/strong> og <strong>8719018005731<\/strong><\/p>\n<h2>Anmeldelse af Philips RacingVision H7 GT200 &#8211; 1 stk.<\/h2>\n<p>Se om vi har en <a href=\"https:\/\/bilshopping.dk\/592\">anmeldelse af Philips RacingVision H7 GT200 &#8211; 1 stk.<\/a>.<\/p>\n","protected":false},"excerpt":{"rendered":"<p>Autop\u00e6re fra Philips med en utrolig ydeevne fra en p\u00e6re til lovlig brug p\u00e5 vejene. Hvis du er glad for at k\u00f8re bil, s\u00e5 kan du give din k\u00f8reoplevelse et l\u00f8ft med Philips RacingVision GT200-lyskilder. Med op til 200 % kraftigere lys, der lyser over 80 meter, Philips RacingVision H7 GT200 &#8211; 1 stk..<\/p>\n","protected":false},"featured_media":7373,"comment_status":"closed","ping_status":"open","template":"","meta":{"_kad_post_transparent":"","_kad_post_title":"","_kad_post_layout":"","_kad_post_sidebar_id":"","_kad_post_content_style":"","_kad_post_vertical_padding":"","_kad_post_feature":"","_kad_post_feature_position":"","_kad_post_header":false,"_kad_post_footer":false},"product_cat":[3208,3207],"product_tag":[2988,3210,3209],"brand":[],"class_list":{"0":"post-7372","1":"product","2":"type-product","3":"status-publish","4":"has-post-thumbnail","6":"product_cat-paerer","7":"product_cat-udvendig-tilbehoer","8":"product_tag-los","9":"product_tag-paerer","10":"product_tag-udvendig-tilbehoer","12":"first","13":"instock","14":"product-type-external","15":"entry","16":"content-bg","17":"loop-entry"},"_links":{"self":[{"href":"https:\/\/bilshopping.dk\/index.php?rest_route=\/wp\/v2\/product\/7372","targetHints":{"allow":["GET"]}}],"collection":[{"href":"https:\/\/bilshopping.dk\/index.php?rest_route=\/wp\/v2\/product"}],"about":[{"href":"https:\/\/bilshopping.dk\/index.php?rest_route=\/wp\/v2\/types\/product"}],"replies":[{"embeddable":true,"href":"https:\/\/bilshopping.dk\/index.php?rest_route=%2Fwp%2Fv2%2Fcomments&post=7372"}],"wp:featuredmedia":[{"embeddable":true,"href":"https:\/\/bilshopping.dk\/index.php?rest_route=\/wp\/v2\/media\/7373"}],"wp:attachment":[{"href":"https:\/\/bilshopping.dk\/index.php?rest_route=%2Fwp%2Fv2%2Fmedia&parent=7372"}],"wp:term":[{"taxonomy":"product_cat","embeddable":true,"href":"https:\/\/bilshopping.dk\/index.php?rest_route=%2Fwp%2Fv2%2Fproduct_cat&post=7372"},{"taxonomy":"product_tag","embeddable":true,"href":"https:\/\/bilshopping.dk\/index.php?rest_route=%2Fwp%2Fv2%2Fproduct_tag&post=7372"},{"taxonomy":"brand","embeddable":true,"href":"https:\/\/bilshopping.dk\/index.php?rest_route=%2Fwp%2Fv2%2Fbrand&post=7372"}],"curies":[{"name":"wp","href":"https:\/\/api.w.org\/{rel}","templated":true}]}}