{"id":7382,"date":"2023-06-23T19:41:33","date_gmt":"2023-06-23T17:41:33","guid":{"rendered":"https:\/\/bilshopping.dk\/produkt\/innotec-haandrens-safehand-clean-plus-3-ltr-inkl-dispenser\/"},"modified":"2023-06-23T19:41:42","modified_gmt":"2023-06-23T17:41:42","slug":"innotec-haandrens-safehand-clean-plus-3-ltr-inkl-dispenser","status":"publish","type":"product","link":"https:\/\/bilshopping.dk\/?product=innotec-haandrens-safehand-clean-plus-3-ltr-inkl-dispenser","title":{"rendered":"Innotec H\u00e5ndrens \/ Safehand clean plus 3 ltr. inkl. dispenser"},"content":{"rendered":"<p>Produktid er <strong>3128<\/strong> og <strong><\/strong><\/p>\n<h2>Anmeldelse af Innotec H\u00e5ndrens \/ Safehand clean plus 3 ltr. inkl. dispenser<\/h2>\n<p>Se om vi har en <a href=\"https:\/\/bilshopping.dk\/592\">anmeldelse af Innotec H\u00e5ndrens \/ Safehand clean plus 3 ltr. inkl. dispenser<\/a>.<\/p>\n","protected":false},"excerpt":{"rendered":"<p>Safe Hand Clean Plus er en unik, multifunktionel h\u00e5nds\u00e6be, der fjerner forskellige slags snavs fra h\u00e6nderne p\u00e5 en sikker m\u00e5de og efterlader et beskyttende fugtgivende lag.<br \/>\nInkl.\u00c2\u00a0Praktisk dispenser for Safe Hand Clean Plus 3-liters beholder.<br \/>\n\tMultifunktio, Innotec H\u00e5ndrens \/ Safehand clean plus 3 ltr. inkl. dispenser.<\/p>\n","protected":false},"featured_media":7383,"comment_status":"closed","ping_status":"open","template":"","meta":{"_kad_post_transparent":"","_kad_post_title":"","_kad_post_layout":"","_kad_post_sidebar_id":"","_kad_post_content_style":"","_kad_post_vertical_padding":"","_kad_post_feature":"","_kad_post_feature_position":"","_kad_post_header":false,"_kad_post_footer":false},"product_cat":[3266,3127],"product_tag":[3267,2988,3129],"brand":[],"class_list":{"0":"post-7382","1":"product","2":"type-product","3":"status-publish","4":"has-post-thumbnail","6":"product_cat-haandrens","7":"product_cat-olie-kemi","8":"product_tag-haandrens","9":"product_tag-los","10":"product_tag-olie-kemi","12":"first","13":"instock","14":"sale","15":"product-type-external","16":"entry","17":"content-bg","18":"loop-entry"},"_links":{"self":[{"href":"https:\/\/bilshopping.dk\/index.php?rest_route=\/wp\/v2\/product\/7382","targetHints":{"allow":["GET"]}}],"collection":[{"href":"https:\/\/bilshopping.dk\/index.php?rest_route=\/wp\/v2\/product"}],"about":[{"href":"https:\/\/bilshopping.dk\/index.php?rest_route=\/wp\/v2\/types\/product"}],"replies":[{"embeddable":true,"href":"https:\/\/bilshopping.dk\/index.php?rest_route=%2Fwp%2Fv2%2Fcomments&post=7382"}],"wp:featuredmedia":[{"embeddable":true,"href":"https:\/\/bilshopping.dk\/index.php?rest_route=\/wp\/v2\/media\/7383"}],"wp:attachment":[{"href":"https:\/\/bilshopping.dk\/index.php?rest_route=%2Fwp%2Fv2%2Fmedia&parent=7382"}],"wp:term":[{"taxonomy":"product_cat","embeddable":true,"href":"https:\/\/bilshopping.dk\/index.php?rest_route=%2Fwp%2Fv2%2Fproduct_cat&post=7382"},{"taxonomy":"product_tag","embeddable":true,"href":"https:\/\/bilshopping.dk\/index.php?rest_route=%2Fwp%2Fv2%2Fproduct_tag&post=7382"},{"taxonomy":"brand","embeddable":true,"href":"https:\/\/bilshopping.dk\/index.php?rest_route=%2Fwp%2Fv2%2Fbrand&post=7382"}],"curies":[{"name":"wp","href":"https:\/\/api.w.org\/{rel}","templated":true}]}}