{"id":7442,"date":"2023-06-23T19:42:20","date_gmt":"2023-06-23T17:42:20","guid":{"rendered":"https:\/\/bilshopping.dk\/produkt\/alpine-hce-c2100rd-hdr-bakkamera\/"},"modified":"2023-06-23T19:42:20","modified_gmt":"2023-06-23T17:42:20","slug":"alpine-hce-c2100rd-hdr-bakkamera","status":"publish","type":"product","link":"https:\/\/bilshopping.dk\/?product=alpine-hce-c2100rd-hdr-bakkamera","title":{"rendered":"Alpine HCE-C2100RD HDR Bakkamera"},"content":{"rendered":"<p>Produktid er <strong>3156<\/strong> og <strong>4958043888634<\/strong><\/p>\n<h2>Anmeldelse af Alpine HCE-C2100RD HDR Bakkamera<\/h2>\n<p>Se om vi har en <a href=\"https:\/\/bilshopping.dk\/592\">anmeldelse af Alpine HCE-C2100RD HDR Bakkamera<\/a>.<\/p>\n","protected":false},"excerpt":{"rendered":"<p>Alpines alle nye HDR-kameraer er simpelthen fantastiske og tilbyder mange nye teknologier, der g\u00f8r man\u00f8vrering af dit k\u00f8ret\u00f8j lettere og sikrere.<br \/>\nDette bakkamera giver parkeringssikkerhed med banebrydende kamerateknologi og touchscreensk\u00e6rmen.<br \/>\nKameraet ak, Alpine HCE-C2100RD HDR Bakkamera.<\/p>\n","protected":false},"featured_media":7443,"comment_status":"closed","ping_status":"open","template":"","meta":{"_kad_post_transparent":"","_kad_post_title":"","_kad_post_layout":"","_kad_post_sidebar_id":"","_kad_post_content_style":"","_kad_post_vertical_padding":"","_kad_post_feature":"","_kad_post_feature_position":"","_kad_post_header":false,"_kad_post_footer":false},"product_cat":[3247,3162],"product_tag":[3248,3164,2988],"brand":[],"class_list":{"0":"post-7442","1":"product","2":"type-product","3":"status-publish","4":"has-post-thumbnail","6":"product_cat-bakkamera","7":"product_cat-bilstereo","8":"product_tag-bakkamera","9":"product_tag-bilstereo","10":"product_tag-los","12":"first","13":"instock","14":"sale","15":"product-type-external","16":"entry","17":"content-bg","18":"loop-entry"},"_links":{"self":[{"href":"https:\/\/bilshopping.dk\/index.php?rest_route=\/wp\/v2\/product\/7442","targetHints":{"allow":["GET"]}}],"collection":[{"href":"https:\/\/bilshopping.dk\/index.php?rest_route=\/wp\/v2\/product"}],"about":[{"href":"https:\/\/bilshopping.dk\/index.php?rest_route=\/wp\/v2\/types\/product"}],"replies":[{"embeddable":true,"href":"https:\/\/bilshopping.dk\/index.php?rest_route=%2Fwp%2Fv2%2Fcomments&post=7442"}],"wp:featuredmedia":[{"embeddable":true,"href":"https:\/\/bilshopping.dk\/index.php?rest_route=\/wp\/v2\/media\/7443"}],"wp:attachment":[{"href":"https:\/\/bilshopping.dk\/index.php?rest_route=%2Fwp%2Fv2%2Fmedia&parent=7442"}],"wp:term":[{"taxonomy":"product_cat","embeddable":true,"href":"https:\/\/bilshopping.dk\/index.php?rest_route=%2Fwp%2Fv2%2Fproduct_cat&post=7442"},{"taxonomy":"product_tag","embeddable":true,"href":"https:\/\/bilshopping.dk\/index.php?rest_route=%2Fwp%2Fv2%2Fproduct_tag&post=7442"},{"taxonomy":"brand","embeddable":true,"href":"https:\/\/bilshopping.dk\/index.php?rest_route=%2Fwp%2Fv2%2Fbrand&post=7442"}],"curies":[{"name":"wp","href":"https:\/\/api.w.org\/{rel}","templated":true}]}}