{"id":7559,"date":"2023-06-23T19:43:17","date_gmt":"2023-06-23T17:43:17","guid":{"rendered":"https:\/\/bilshopping.dk\/produkt\/holtz-radweld-koelertaetner-125-ml\/"},"modified":"2023-06-23T19:43:18","modified_gmt":"2023-06-23T17:43:18","slug":"holtz-radweld-koelertaetner-125-ml","status":"publish","type":"product","link":"https:\/\/bilshopping.dk\/?product=holtz-radweld-koelertaetner-125-ml","title":{"rendered":"Holtz Radweld k\u00f8lert\u00e6tner &#8211; 125 ml."},"content":{"rendered":"<p>Produktid er <strong>3218<\/strong> og <strong>5010218330511<\/strong><\/p>\n<h2>Anmeldelse af Holtz Radweld k\u00f8lert\u00e6tner &#8211; 125 ml.<\/h2>\n<p>Se om vi har en <a href=\"https:\/\/bilshopping.dk\/592\">anmeldelse af Holtz Radweld k\u00f8lert\u00e6tner &#8211; 125 ml.<\/a>.<\/p>\n","protected":false},"excerpt":{"rendered":"<p>K\u00f8ler t\u00e6tner forebygger og reparerer ut\u00e6theder i k\u00f8lesystmet op til 11L.<br \/>\nDet kan bruges sammen med alle typer k\u00f8ler og frostv\u00e6sker.<br \/>\nSpecifikationer:<br \/>\n\tStopper huller i b\u00e5de slanger og k\u00f8lere<br \/>\n\tReparerer p\u00e5 minuter uden at blokere eller skade<br \/>\n\tPour and go! H, Holtz Radweld k\u00f8lert\u00e6tner &#8211; 125 ml..<\/p>\n","protected":false},"featured_media":7560,"comment_status":"closed","ping_status":"open","template":"","meta":{"_kad_post_transparent":"","_kad_post_title":"","_kad_post_layout":"","_kad_post_sidebar_id":"","_kad_post_content_style":"","_kad_post_vertical_padding":"","_kad_post_feature":"","_kad_post_feature_position":"","_kad_post_header":false,"_kad_post_footer":false},"product_cat":[3268,3127],"product_tag":[3269,2988,3129],"brand":[],"class_list":{"0":"post-7559","1":"product","2":"type-product","3":"status-publish","4":"has-post-thumbnail","6":"product_cat-koelervaeske","7":"product_cat-olie-kemi","8":"product_tag-koelervaeske","9":"product_tag-los","10":"product_tag-olie-kemi","12":"first","13":"instock","14":"product-type-external","15":"entry","16":"content-bg","17":"loop-entry"},"_links":{"self":[{"href":"https:\/\/bilshopping.dk\/index.php?rest_route=\/wp\/v2\/product\/7559","targetHints":{"allow":["GET"]}}],"collection":[{"href":"https:\/\/bilshopping.dk\/index.php?rest_route=\/wp\/v2\/product"}],"about":[{"href":"https:\/\/bilshopping.dk\/index.php?rest_route=\/wp\/v2\/types\/product"}],"replies":[{"embeddable":true,"href":"https:\/\/bilshopping.dk\/index.php?rest_route=%2Fwp%2Fv2%2Fcomments&post=7559"}],"wp:featuredmedia":[{"embeddable":true,"href":"https:\/\/bilshopping.dk\/index.php?rest_route=\/wp\/v2\/media\/7560"}],"wp:attachment":[{"href":"https:\/\/bilshopping.dk\/index.php?rest_route=%2Fwp%2Fv2%2Fmedia&parent=7559"}],"wp:term":[{"taxonomy":"product_cat","embeddable":true,"href":"https:\/\/bilshopping.dk\/index.php?rest_route=%2Fwp%2Fv2%2Fproduct_cat&post=7559"},{"taxonomy":"product_tag","embeddable":true,"href":"https:\/\/bilshopping.dk\/index.php?rest_route=%2Fwp%2Fv2%2Fproduct_tag&post=7559"},{"taxonomy":"brand","embeddable":true,"href":"https:\/\/bilshopping.dk\/index.php?rest_route=%2Fwp%2Fv2%2Fbrand&post=7559"}],"curies":[{"name":"wp","href":"https:\/\/api.w.org\/{rel}","templated":true}]}}