{"id":7563,"date":"2023-06-23T19:43:17","date_gmt":"2023-06-23T17:43:17","guid":{"rendered":"https:\/\/bilshopping.dk\/produkt\/liqui-moly-benzin-additiv-250-ml\/"},"modified":"2023-06-23T19:43:20","modified_gmt":"2023-06-23T17:43:20","slug":"liqui-moly-benzin-additiv-250-ml","status":"publish","type":"product","link":"https:\/\/bilshopping.dk\/?product=liqui-moly-benzin-additiv-250-ml","title":{"rendered":"Liqui Moly Benzin Additiv 250 ml."},"content":{"rendered":"<p>Produktid er <strong>3220<\/strong> og <strong>4100420084256<\/strong><\/p>\n<h2>Anmeldelse af Liqui Moly Benzin Additiv 250 ml.<\/h2>\n<p>Se om vi har en <a href=\"https:\/\/bilshopping.dk\/592\">anmeldelse af Liqui Moly Benzin Additiv 250 ml.<\/a>.<\/p>\n","protected":false},"excerpt":{"rendered":"<p>Forhindrer dannelsen af sod og aflejringer i hele karburatorsystemet, s\u00e5som indspr\u00f8jtningsventiler, indsugningsventiler eller br\u00e6ndstofsystemets \u00f8vrige komponenter. Ved regelm\u00e6ssig brug opretholdes motorens ydeevne, og risikoen for reparationer og dermed, Liqui Moly Benzin Additiv 250 ml..<\/p>\n","protected":false},"featured_media":7564,"comment_status":"closed","ping_status":"open","template":"","meta":{"_kad_post_transparent":"","_kad_post_title":"","_kad_post_layout":"","_kad_post_sidebar_id":"","_kad_post_content_style":"","_kad_post_vertical_padding":"","_kad_post_feature":"","_kad_post_feature_position":"","_kad_post_header":false,"_kad_post_footer":false},"product_cat":[3135,3127],"product_tag":[3136,2988,3129],"brand":[],"class_list":{"0":"post-7563","1":"product","2":"type-product","3":"status-publish","4":"has-post-thumbnail","6":"product_cat-additiver","7":"product_cat-olie-kemi","8":"product_tag-additiver","9":"product_tag-los","10":"product_tag-olie-kemi","12":"first","13":"instock","14":"sale","15":"product-type-external","16":"entry","17":"content-bg","18":"loop-entry"},"_links":{"self":[{"href":"https:\/\/bilshopping.dk\/index.php?rest_route=\/wp\/v2\/product\/7563","targetHints":{"allow":["GET"]}}],"collection":[{"href":"https:\/\/bilshopping.dk\/index.php?rest_route=\/wp\/v2\/product"}],"about":[{"href":"https:\/\/bilshopping.dk\/index.php?rest_route=\/wp\/v2\/types\/product"}],"replies":[{"embeddable":true,"href":"https:\/\/bilshopping.dk\/index.php?rest_route=%2Fwp%2Fv2%2Fcomments&post=7563"}],"wp:featuredmedia":[{"embeddable":true,"href":"https:\/\/bilshopping.dk\/index.php?rest_route=\/wp\/v2\/media\/7564"}],"wp:attachment":[{"href":"https:\/\/bilshopping.dk\/index.php?rest_route=%2Fwp%2Fv2%2Fmedia&parent=7563"}],"wp:term":[{"taxonomy":"product_cat","embeddable":true,"href":"https:\/\/bilshopping.dk\/index.php?rest_route=%2Fwp%2Fv2%2Fproduct_cat&post=7563"},{"taxonomy":"product_tag","embeddable":true,"href":"https:\/\/bilshopping.dk\/index.php?rest_route=%2Fwp%2Fv2%2Fproduct_tag&post=7563"},{"taxonomy":"brand","embeddable":true,"href":"https:\/\/bilshopping.dk\/index.php?rest_route=%2Fwp%2Fv2%2Fbrand&post=7563"}],"curies":[{"name":"wp","href":"https:\/\/api.w.org\/{rel}","templated":true}]}}