{"id":7599,"date":"2023-06-23T19:43:35","date_gmt":"2023-06-23T17:43:35","guid":{"rendered":"https:\/\/bilshopping.dk\/produkt\/liqui-moly-bremserens-hurtigrens-spray-500-ml\/"},"modified":"2023-06-23T19:43:35","modified_gmt":"2023-06-23T17:43:35","slug":"liqui-moly-bremserens-hurtigrens-spray-500-ml","status":"publish","type":"product","link":"https:\/\/bilshopping.dk\/?product=liqui-moly-bremserens-hurtigrens-spray-500-ml","title":{"rendered":"Liqui Moly Bremserens\/Hurtigrens spray 500 ml."},"content":{"rendered":"<p>Produktid er <strong>3238<\/strong> og <strong>4100420028687<\/strong><\/p>\n<h2>Anmeldelse af Liqui Moly Bremserens\/Hurtigrens spray 500 ml.<\/h2>\n<p>Se om vi har en <a href=\"https:\/\/bilshopping.dk\/592\">anmeldelse af Liqui Moly Bremserens\/Hurtigrens spray 500 ml.<\/a>.<\/p>\n","protected":false},"excerpt":{"rendered":"<p>G\u00f8r dit montagearbejde lettere, renere og mere sikkert. Fjerner olie, fedt og smuds hurtigt og uden at efterlade rester. Behandlede komponenter er helt frie for rester og fuldst\u00e6ndigt affedtede. Sparer tid og penge, og sikrer probleml\u00f8s reparation. L\u00f8sner, Liqui Moly Bremserens\/Hurtigrens spray 500 ml..<\/p>\n","protected":false},"featured_media":7600,"comment_status":"closed","ping_status":"open","template":"","meta":{"_kad_post_transparent":"","_kad_post_title":"","_kad_post_layout":"","_kad_post_sidebar_id":"","_kad_post_content_style":"","_kad_post_vertical_padding":"","_kad_post_feature":"","_kad_post_feature_position":"","_kad_post_header":false,"_kad_post_footer":false},"product_cat":[3127,3137],"product_tag":[2988,3129,3138],"brand":[],"class_list":{"0":"post-7599","1":"product","2":"type-product","3":"status-publish","4":"has-post-thumbnail","6":"product_cat-olie-kemi","7":"product_cat-smoeremidler","8":"product_tag-los","9":"product_tag-olie-kemi","10":"product_tag-smoeremidler","12":"first","13":"instock","14":"sale","15":"product-type-external","16":"entry","17":"content-bg","18":"loop-entry"},"_links":{"self":[{"href":"https:\/\/bilshopping.dk\/index.php?rest_route=\/wp\/v2\/product\/7599","targetHints":{"allow":["GET"]}}],"collection":[{"href":"https:\/\/bilshopping.dk\/index.php?rest_route=\/wp\/v2\/product"}],"about":[{"href":"https:\/\/bilshopping.dk\/index.php?rest_route=\/wp\/v2\/types\/product"}],"replies":[{"embeddable":true,"href":"https:\/\/bilshopping.dk\/index.php?rest_route=%2Fwp%2Fv2%2Fcomments&post=7599"}],"wp:featuredmedia":[{"embeddable":true,"href":"https:\/\/bilshopping.dk\/index.php?rest_route=\/wp\/v2\/media\/7600"}],"wp:attachment":[{"href":"https:\/\/bilshopping.dk\/index.php?rest_route=%2Fwp%2Fv2%2Fmedia&parent=7599"}],"wp:term":[{"taxonomy":"product_cat","embeddable":true,"href":"https:\/\/bilshopping.dk\/index.php?rest_route=%2Fwp%2Fv2%2Fproduct_cat&post=7599"},{"taxonomy":"product_tag","embeddable":true,"href":"https:\/\/bilshopping.dk\/index.php?rest_route=%2Fwp%2Fv2%2Fproduct_tag&post=7599"},{"taxonomy":"brand","embeddable":true,"href":"https:\/\/bilshopping.dk\/index.php?rest_route=%2Fwp%2Fv2%2Fbrand&post=7599"}],"curies":[{"name":"wp","href":"https:\/\/api.w.org\/{rel}","templated":true}]}}