{"id":7607,"date":"2023-06-23T19:43:35","date_gmt":"2023-06-23T17:43:35","guid":{"rendered":"https:\/\/bilshopping.dk\/produkt\/thule-evo-fodsaet-flush-rails-4-stk\/"},"modified":"2023-06-23T19:43:38","modified_gmt":"2023-06-23T17:43:38","slug":"thule-evo-fodsaet-flush-rails-4-stk","status":"publish","type":"product","link":"https:\/\/bilshopping.dk\/?product=thule-evo-fodsaet-flush-rails-4-stk","title":{"rendered":"Thule EVO Fods\u00e6t Flush rails 4 stk."},"content":{"rendered":"<p>Produktid er <strong>3242<\/strong> og <strong>091021896178<\/strong><\/p>\n<h2>Anmeldelse af Thule EVO Fods\u00e6t Flush rails 4 stk.<\/h2>\n<p>Se om vi har en <a href=\"https:\/\/bilshopping.dk\/592\">anmeldelse af Thule EVO Fods\u00e6t Flush rails 4 stk.<\/a>.<\/p>\n","protected":false},"excerpt":{"rendered":"<p>Nyt flot fods\u00e6t til Thule Evo tagb\u00f8jlesystemet.<br \/>\nFoden er designet s\u00e5 den er nem at montere p\u00e5 k\u00f8ret\u00f8jer med nedf\u00e6ldede r\u00e6linger. N\u00f8gle til ergonomisk momentbegr\u00e6nsning viser, n\u00e5r holderen er monteret sikkert og fastgjort korrekt p\u00e5 k\u00f8ret\u00f8jet.<br \/>\nFastg\u00f8res ti, Thule EVO Fods\u00e6t Flush rails 4 stk..<\/p>\n","protected":false},"featured_media":7608,"comment_status":"closed","ping_status":"open","template":"","meta":{"_kad_post_transparent":"","_kad_post_title":"","_kad_post_layout":"","_kad_post_sidebar_id":"","_kad_post_content_style":"","_kad_post_vertical_padding":"","_kad_post_feature":"","_kad_post_feature_position":"","_kad_post_header":false,"_kad_post_footer":false},"product_cat":[3239,3184],"product_tag":[2988,3240,3186],"brand":[],"class_list":{"0":"post-7607","1":"product","2":"type-product","3":"status-publish","4":"has-post-thumbnail","6":"product_cat-tagboejler","7":"product_cat-transportudstyr","8":"product_tag-los","9":"product_tag-tagboejler","10":"product_tag-transportudstyr","12":"first","13":"instock","14":"product-type-external","15":"entry","16":"content-bg","17":"loop-entry"},"_links":{"self":[{"href":"https:\/\/bilshopping.dk\/index.php?rest_route=\/wp\/v2\/product\/7607","targetHints":{"allow":["GET"]}}],"collection":[{"href":"https:\/\/bilshopping.dk\/index.php?rest_route=\/wp\/v2\/product"}],"about":[{"href":"https:\/\/bilshopping.dk\/index.php?rest_route=\/wp\/v2\/types\/product"}],"replies":[{"embeddable":true,"href":"https:\/\/bilshopping.dk\/index.php?rest_route=%2Fwp%2Fv2%2Fcomments&post=7607"}],"wp:featuredmedia":[{"embeddable":true,"href":"https:\/\/bilshopping.dk\/index.php?rest_route=\/wp\/v2\/media\/7608"}],"wp:attachment":[{"href":"https:\/\/bilshopping.dk\/index.php?rest_route=%2Fwp%2Fv2%2Fmedia&parent=7607"}],"wp:term":[{"taxonomy":"product_cat","embeddable":true,"href":"https:\/\/bilshopping.dk\/index.php?rest_route=%2Fwp%2Fv2%2Fproduct_cat&post=7607"},{"taxonomy":"product_tag","embeddable":true,"href":"https:\/\/bilshopping.dk\/index.php?rest_route=%2Fwp%2Fv2%2Fproduct_tag&post=7607"},{"taxonomy":"brand","embeddable":true,"href":"https:\/\/bilshopping.dk\/index.php?rest_route=%2Fwp%2Fv2%2Fbrand&post=7607"}],"curies":[{"name":"wp","href":"https:\/\/api.w.org\/{rel}","templated":true}]}}