{"id":7619,"date":"2023-06-23T19:43:35","date_gmt":"2023-06-23T17:43:35","guid":{"rendered":"https:\/\/bilshopping.dk\/produkt\/bardahl-multispray-bd-50-400-ml\/"},"modified":"2023-06-23T19:43:42","modified_gmt":"2023-06-23T17:43:42","slug":"bardahl-multispray-bd-50-400-ml","status":"publish","type":"product","link":"https:\/\/bilshopping.dk\/?product=bardahl-multispray-bd-50-400-ml","title":{"rendered":"Bardahl Multispray BD-50 400 ml."},"content":{"rendered":"<p>Produktid er <strong>3248<\/strong> og <strong>5015794683044<\/strong><\/p>\n<h2>Anmeldelse af Bardahl Multispray BD-50 400 ml.<\/h2>\n<p>Se om vi har en <a href=\"https:\/\/bilshopping.dk\/592\">anmeldelse af Bardahl Multispray BD-50 400 ml.<\/a>.<\/p>\n","protected":false},"excerpt":{"rendered":"<p>Fortr\u00e6nger fugt fra: Bilt\u00e6ndinger, trykluftsv\u00e6rkt\u00f8j, motorcykler osv.<br \/>\nSm\u00f8rer: V\u00e6rkt\u00f8j, fiskehjul, h\u00e6ngsler og l\u00e5se<br \/>\nL\u00f8sner: Rustede dele og fastsiddende mekanismer<br \/>\nRenser &#038; beskytter: Elektriske og mekaniske dele; fjerner fedt, GOM og tj\u00e6re, efterlader en, Bardahl Multispray BD-50 400 ml..<\/p>\n","protected":false},"featured_media":7620,"comment_status":"closed","ping_status":"open","template":"","meta":{"_kad_post_transparent":"","_kad_post_title":"","_kad_post_layout":"","_kad_post_sidebar_id":"","_kad_post_content_style":"","_kad_post_vertical_padding":"","_kad_post_feature":"","_kad_post_feature_position":"","_kad_post_header":false,"_kad_post_footer":false},"product_cat":[3127,3137],"product_tag":[2988,3129,3138],"brand":[],"class_list":{"0":"post-7619","1":"product","2":"type-product","3":"status-publish","4":"has-post-thumbnail","6":"product_cat-olie-kemi","7":"product_cat-smoeremidler","8":"product_tag-los","9":"product_tag-olie-kemi","10":"product_tag-smoeremidler","12":"first","13":"instock","14":"sale","15":"product-type-external","16":"entry","17":"content-bg","18":"loop-entry"},"_links":{"self":[{"href":"https:\/\/bilshopping.dk\/index.php?rest_route=\/wp\/v2\/product\/7619","targetHints":{"allow":["GET"]}}],"collection":[{"href":"https:\/\/bilshopping.dk\/index.php?rest_route=\/wp\/v2\/product"}],"about":[{"href":"https:\/\/bilshopping.dk\/index.php?rest_route=\/wp\/v2\/types\/product"}],"replies":[{"embeddable":true,"href":"https:\/\/bilshopping.dk\/index.php?rest_route=%2Fwp%2Fv2%2Fcomments&post=7619"}],"wp:featuredmedia":[{"embeddable":true,"href":"https:\/\/bilshopping.dk\/index.php?rest_route=\/wp\/v2\/media\/7620"}],"wp:attachment":[{"href":"https:\/\/bilshopping.dk\/index.php?rest_route=%2Fwp%2Fv2%2Fmedia&parent=7619"}],"wp:term":[{"taxonomy":"product_cat","embeddable":true,"href":"https:\/\/bilshopping.dk\/index.php?rest_route=%2Fwp%2Fv2%2Fproduct_cat&post=7619"},{"taxonomy":"product_tag","embeddable":true,"href":"https:\/\/bilshopping.dk\/index.php?rest_route=%2Fwp%2Fv2%2Fproduct_tag&post=7619"},{"taxonomy":"brand","embeddable":true,"href":"https:\/\/bilshopping.dk\/index.php?rest_route=%2Fwp%2Fv2%2Fbrand&post=7619"}],"curies":[{"name":"wp","href":"https:\/\/api.w.org\/{rel}","templated":true}]}}