{"id":7682,"date":"2023-06-23T19:44:04","date_gmt":"2023-06-23T17:44:04","guid":{"rendered":"https:\/\/bilshopping.dk\/produkt\/hertz-mpk165-mille-pro-hoejtaler-2-vejs-komponent-saet\/"},"modified":"2023-06-23T19:44:09","modified_gmt":"2023-06-23T17:44:09","slug":"hertz-mpk165-mille-pro-hoejtaler-2-vejs-komponent-saet","status":"publish","type":"product","link":"https:\/\/bilshopping.dk\/?product=hertz-mpk165-mille-pro-hoejtaler-2-vejs-komponent-saet","title":{"rendered":"Hertz MPK165 Mille Pro h\u00f8jtaler, 2-vejs komponent s\u00e6t"},"content":{"rendered":"<p>Produktid er <strong>3284<\/strong> og <strong><\/strong><\/p>\n<h2>Anmeldelse af Hertz MPK165 Mille Pro h\u00f8jtaler, 2-vejs komponent s\u00e6t<\/h2>\n<p>Se om vi har en <a href=\"https:\/\/bilshopping.dk\/592\">anmeldelse af Hertz MPK165 Mille Pro h\u00f8jtaler, 2-vejs komponent s\u00e6t<\/a>.<\/p>\n","protected":false},"excerpt":{"rendered":"<p>Hertz Mille PRO MPK 165.3 bilh\u00f8jttaler 2-vejs systemet er udviklet for at gengive en dynamik og en bas der kan h\u00f8res og f\u00f8les, selv n\u00e5r man ikke har en en subwoofer.\u00c2\u00a0<br \/>\nTekniske specifikationer:<br \/>\nEffekt max Watt: 220<br \/>\nEffekt kontinuerlig Watt: 110<br \/>\nImpedans i, Hertz MPK165 Mille Pro h\u00f8jtaler, 2-vejs komponent s\u00e6t.<\/p>\n","protected":false},"featured_media":7683,"comment_status":"closed","ping_status":"open","template":"","meta":{"_kad_post_transparent":"","_kad_post_title":"","_kad_post_layout":"","_kad_post_sidebar_id":"","_kad_post_content_style":"","_kad_post_vertical_padding":"","_kad_post_feature":"","_kad_post_feature_position":"","_kad_post_header":false,"_kad_post_footer":false},"product_cat":[3162,3180],"product_tag":[3164,3181,2988],"brand":[],"class_list":{"0":"post-7682","1":"product","2":"type-product","3":"status-publish","4":"has-post-thumbnail","6":"product_cat-bilstereo","7":"product_cat-hoejttalere","8":"product_tag-bilstereo","9":"product_tag-hoejttalere","10":"product_tag-los","12":"first","13":"instock","14":"product-type-external","15":"entry","16":"content-bg","17":"loop-entry"},"_links":{"self":[{"href":"https:\/\/bilshopping.dk\/index.php?rest_route=\/wp\/v2\/product\/7682","targetHints":{"allow":["GET"]}}],"collection":[{"href":"https:\/\/bilshopping.dk\/index.php?rest_route=\/wp\/v2\/product"}],"about":[{"href":"https:\/\/bilshopping.dk\/index.php?rest_route=\/wp\/v2\/types\/product"}],"replies":[{"embeddable":true,"href":"https:\/\/bilshopping.dk\/index.php?rest_route=%2Fwp%2Fv2%2Fcomments&post=7682"}],"wp:featuredmedia":[{"embeddable":true,"href":"https:\/\/bilshopping.dk\/index.php?rest_route=\/wp\/v2\/media\/7683"}],"wp:attachment":[{"href":"https:\/\/bilshopping.dk\/index.php?rest_route=%2Fwp%2Fv2%2Fmedia&parent=7682"}],"wp:term":[{"taxonomy":"product_cat","embeddable":true,"href":"https:\/\/bilshopping.dk\/index.php?rest_route=%2Fwp%2Fv2%2Fproduct_cat&post=7682"},{"taxonomy":"product_tag","embeddable":true,"href":"https:\/\/bilshopping.dk\/index.php?rest_route=%2Fwp%2Fv2%2Fproduct_tag&post=7682"},{"taxonomy":"brand","embeddable":true,"href":"https:\/\/bilshopping.dk\/index.php?rest_route=%2Fwp%2Fv2%2Fbrand&post=7682"}],"curies":[{"name":"wp","href":"https:\/\/api.w.org\/{rel}","templated":true}]}}