{"id":7696,"date":"2023-06-23T19:44:04","date_gmt":"2023-06-23T17:44:04","guid":{"rendered":"https:\/\/bilshopping.dk\/produkt\/digital-dynamic-rmt-90-9-loftskaerm-tft-lcd-m-dvd\/"},"modified":"2023-06-23T19:44:15","modified_gmt":"2023-06-23T17:44:15","slug":"digital-dynamic-rmt-90-9-loftskaerm-tft-lcd-m-dvd","status":"publish","type":"product","link":"https:\/\/bilshopping.dk\/?product=digital-dynamic-rmt-90-9-loftskaerm-tft-lcd-m-dvd","title":{"rendered":"Digital Dynamic RMT-90 9&#8243; loftsk\u00e6rm TFT-LCD m. DVD"},"content":{"rendered":"<p>Produktid er <strong>3292<\/strong> og <strong>8022303944326<\/strong><\/p>\n<h2>Anmeldelse af Digital Dynamic RMT-90 9&#8243; loftsk\u00e6rm TFT-LCD m. DVD<\/h2>\n<p>Se om vi har en <a href=\"https:\/\/bilshopping.dk\/592\">anmeldelse af Digital Dynamic RMT-90 9&#8243; loftsk\u00e6rm TFT-LCD m. DVD<\/a>.<\/p>\n","protected":false},"excerpt":{"rendered":"<p>Denne loftsk\u00e6rm har en 9&#8243; high-resolution LCD sk\u00e6rm, som giver et krystalklart billede med en fantastisk farve dybde og kontrast.<br \/>\nMonitorarmen kan vinkles i utallige positioner, s\u00e5 sk\u00e6rmen kan placeres t\u00e6ttere p\u00e5 den der skal se p\u00e5 den &#8211; samtidig giver de, Digital Dynamic RMT-90 9&#8243; loftsk\u00e6rm TFT-LCD m. DVD.<\/p>\n","protected":false},"featured_media":7697,"comment_status":"closed","ping_status":"open","template":"","meta":{"_kad_post_transparent":"","_kad_post_title":"","_kad_post_layout":"","_kad_post_sidebar_id":"","_kad_post_content_style":"","_kad_post_vertical_padding":"","_kad_post_feature":"","_kad_post_feature_position":"","_kad_post_header":false,"_kad_post_footer":false},"product_cat":[3162,3167,3166],"product_tag":[3164,3169,2988,3168],"brand":[],"class_list":{"0":"post-7696","1":"product","2":"type-product","3":"status-publish","4":"has-post-thumbnail","6":"product_cat-bilstereo","7":"product_cat-loftskaerme","8":"product_cat-multimedie","9":"product_tag-bilstereo","10":"product_tag-loftskaerme","11":"product_tag-los","12":"product_tag-multimedie","14":"first","15":"instock","16":"sale","17":"product-type-external","18":"entry","19":"content-bg","20":"loop-entry"},"_links":{"self":[{"href":"https:\/\/bilshopping.dk\/index.php?rest_route=\/wp\/v2\/product\/7696","targetHints":{"allow":["GET"]}}],"collection":[{"href":"https:\/\/bilshopping.dk\/index.php?rest_route=\/wp\/v2\/product"}],"about":[{"href":"https:\/\/bilshopping.dk\/index.php?rest_route=\/wp\/v2\/types\/product"}],"replies":[{"embeddable":true,"href":"https:\/\/bilshopping.dk\/index.php?rest_route=%2Fwp%2Fv2%2Fcomments&post=7696"}],"wp:featuredmedia":[{"embeddable":true,"href":"https:\/\/bilshopping.dk\/index.php?rest_route=\/wp\/v2\/media\/7697"}],"wp:attachment":[{"href":"https:\/\/bilshopping.dk\/index.php?rest_route=%2Fwp%2Fv2%2Fmedia&parent=7696"}],"wp:term":[{"taxonomy":"product_cat","embeddable":true,"href":"https:\/\/bilshopping.dk\/index.php?rest_route=%2Fwp%2Fv2%2Fproduct_cat&post=7696"},{"taxonomy":"product_tag","embeddable":true,"href":"https:\/\/bilshopping.dk\/index.php?rest_route=%2Fwp%2Fv2%2Fproduct_tag&post=7696"},{"taxonomy":"brand","embeddable":true,"href":"https:\/\/bilshopping.dk\/index.php?rest_route=%2Fwp%2Fv2%2Fbrand&post=7696"}],"curies":[{"name":"wp","href":"https:\/\/api.w.org\/{rel}","templated":true}]}}