{"id":7710,"date":"2023-06-23T19:44:04","date_gmt":"2023-06-23T17:44:04","guid":{"rendered":"https:\/\/bilshopping.dk\/produkt\/narva-led-forlygtepaerer-h8-11-16-2-stk\/"},"modified":"2023-06-23T19:44:21","modified_gmt":"2023-06-23T17:44:21","slug":"narva-led-forlygtepaerer-h8-11-16-2-stk","status":"publish","type":"product","link":"https:\/\/bilshopping.dk\/?product=narva-led-forlygtepaerer-h8-11-16-2-stk","title":{"rendered":"Narva LED forlygtep\u00e6rer H8\/11\/16, 2 stk."},"content":{"rendered":"<p>Produktid er <strong>3299<\/strong> og <strong>4013790012197<\/strong><\/p>\n<h2>Anmeldelse af Narva LED forlygtep\u00e6rer H8\/11\/16, 2 stk.<\/h2>\n<p>Se om vi har en <a href=\"https:\/\/bilshopping.dk\/592\">anmeldelse af Narva LED forlygtep\u00e6rer H8\/11\/16, 2 stk.<\/a>.<\/p>\n","protected":false},"excerpt":{"rendered":"<p>Specifikationer<br \/>\n\tFabrikat : Narva<br \/>\n\tPakkest\u00f8rrelse : 2<br \/>\n\tP\u00e6refarve : 6500K<br \/>\n\tSp\u00e6nding [V] : 12\/24<br \/>\n\tNominel ydelse [W] : 24<br \/>\n\tLampe \/ P\u00e6retype : H8\/H11\/H16<br \/>\n\tSokkelversion : PGJ19<br \/>\nOBS: Omkring syn og godkendelser, s\u00e5 kr\u00e6ves det, at bilen har LED godkendte forly, Narva LED forlygtep\u00e6rer H8\/11\/16, 2 stk..<\/p>\n","protected":false},"featured_media":7711,"comment_status":"closed","ping_status":"open","template":"","meta":{"_kad_post_transparent":"","_kad_post_title":"","_kad_post_layout":"","_kad_post_sidebar_id":"","_kad_post_content_style":"","_kad_post_vertical_padding":"","_kad_post_feature":"","_kad_post_feature_position":"","_kad_post_header":false,"_kad_post_footer":false},"product_cat":[3208,3207],"product_tag":[2988,3210,3209],"brand":[],"class_list":{"0":"post-7710","1":"product","2":"type-product","3":"status-publish","4":"has-post-thumbnail","6":"product_cat-paerer","7":"product_cat-udvendig-tilbehoer","8":"product_tag-los","9":"product_tag-paerer","10":"product_tag-udvendig-tilbehoer","12":"first","13":"instock","14":"product-type-external","15":"entry","16":"content-bg","17":"loop-entry"},"_links":{"self":[{"href":"https:\/\/bilshopping.dk\/index.php?rest_route=\/wp\/v2\/product\/7710","targetHints":{"allow":["GET"]}}],"collection":[{"href":"https:\/\/bilshopping.dk\/index.php?rest_route=\/wp\/v2\/product"}],"about":[{"href":"https:\/\/bilshopping.dk\/index.php?rest_route=\/wp\/v2\/types\/product"}],"replies":[{"embeddable":true,"href":"https:\/\/bilshopping.dk\/index.php?rest_route=%2Fwp%2Fv2%2Fcomments&post=7710"}],"wp:featuredmedia":[{"embeddable":true,"href":"https:\/\/bilshopping.dk\/index.php?rest_route=\/wp\/v2\/media\/7711"}],"wp:attachment":[{"href":"https:\/\/bilshopping.dk\/index.php?rest_route=%2Fwp%2Fv2%2Fmedia&parent=7710"}],"wp:term":[{"taxonomy":"product_cat","embeddable":true,"href":"https:\/\/bilshopping.dk\/index.php?rest_route=%2Fwp%2Fv2%2Fproduct_cat&post=7710"},{"taxonomy":"product_tag","embeddable":true,"href":"https:\/\/bilshopping.dk\/index.php?rest_route=%2Fwp%2Fv2%2Fproduct_tag&post=7710"},{"taxonomy":"brand","embeddable":true,"href":"https:\/\/bilshopping.dk\/index.php?rest_route=%2Fwp%2Fv2%2Fbrand&post=7710"}],"curies":[{"name":"wp","href":"https:\/\/api.w.org\/{rel}","templated":true}]}}