{"id":7738,"date":"2023-06-23T19:44:22","date_gmt":"2023-06-23T17:44:22","guid":{"rendered":"https:\/\/bilshopping.dk\/produkt\/rat-interface-til-nissan-opel-og-renault\/"},"modified":"2023-06-23T19:44:33","modified_gmt":"2023-06-23T17:44:33","slug":"rat-interface-til-nissan-opel-og-renault","status":"publish","type":"product","link":"https:\/\/bilshopping.dk\/?product=rat-interface-til-nissan-opel-og-renault","title":{"rendered":"Rat Interface Til Nissan, Opel og renault"},"content":{"rendered":"<p>Produktid er <strong>3317<\/strong> og <strong><\/strong><\/p>\n<h2>Anmeldelse af Rat Interface Til Nissan, Opel og renault<\/h2>\n<p>Se om vi har en <a href=\"https:\/\/bilshopping.dk\/592\">anmeldelse af Rat Interface Til Nissan, Opel og renault<\/a>.<\/p>\n","protected":false},"excerpt":{"rendered":"<p>Interface der muligg\u00f8re tilslutning af eftermarkedsradio til bilens originale ratbetjening.<br \/>\nDet g\u00f8r det muligt at styre prim\u00e6r funktioner p\u00e5 radioen., Rat Interface Til Nissan, Opel og renault.<\/p>\n","protected":false},"featured_media":7739,"comment_status":"closed","ping_status":"open","template":"","meta":{"_kad_post_transparent":"","_kad_post_title":"","_kad_post_layout":"","_kad_post_sidebar_id":"","_kad_post_content_style":"","_kad_post_vertical_padding":"","_kad_post_feature":"","_kad_post_feature_position":"","_kad_post_header":false,"_kad_post_footer":false},"product_cat":[3162,3172],"product_tag":[3164,2988,3173],"brand":[],"class_list":{"0":"post-7738","1":"product","2":"type-product","3":"status-publish","4":"has-post-thumbnail","6":"product_cat-bilstereo","7":"product_cat-ratstyring","8":"product_tag-bilstereo","9":"product_tag-los","10":"product_tag-ratstyring","12":"first","13":"instock","14":"product-type-external","15":"entry","16":"content-bg","17":"loop-entry"},"_links":{"self":[{"href":"https:\/\/bilshopping.dk\/index.php?rest_route=\/wp\/v2\/product\/7738","targetHints":{"allow":["GET"]}}],"collection":[{"href":"https:\/\/bilshopping.dk\/index.php?rest_route=\/wp\/v2\/product"}],"about":[{"href":"https:\/\/bilshopping.dk\/index.php?rest_route=\/wp\/v2\/types\/product"}],"replies":[{"embeddable":true,"href":"https:\/\/bilshopping.dk\/index.php?rest_route=%2Fwp%2Fv2%2Fcomments&post=7738"}],"wp:featuredmedia":[{"embeddable":true,"href":"https:\/\/bilshopping.dk\/index.php?rest_route=\/wp\/v2\/media\/7739"}],"wp:attachment":[{"href":"https:\/\/bilshopping.dk\/index.php?rest_route=%2Fwp%2Fv2%2Fmedia&parent=7738"}],"wp:term":[{"taxonomy":"product_cat","embeddable":true,"href":"https:\/\/bilshopping.dk\/index.php?rest_route=%2Fwp%2Fv2%2Fproduct_cat&post=7738"},{"taxonomy":"product_tag","embeddable":true,"href":"https:\/\/bilshopping.dk\/index.php?rest_route=%2Fwp%2Fv2%2Fproduct_tag&post=7738"},{"taxonomy":"brand","embeddable":true,"href":"https:\/\/bilshopping.dk\/index.php?rest_route=%2Fwp%2Fv2%2Fbrand&post=7738"}],"curies":[{"name":"wp","href":"https:\/\/api.w.org\/{rel}","templated":true}]}}